{"id":6324,"date":"2025-11-30T13:17:20","date_gmt":"2025-11-30T13:17:20","guid":{"rendered":"https:\/\/www.vap-camping.fr\/lieux\/boucle-calmont-aubouissous\/"},"modified":"2026-01-30T00:15:46","modified_gmt":"2026-01-30T00:15:46","slug":"boucle-calmont-aubouissous","status":"publish","type":"lieux","link":"https:\/\/www.vap-camping.fr\/es\/lieux\/boucle-calmont-aubouissous\/","title":{"rendered":"Bucle de Calmont-Aubouissous"},"content":{"rendered":"\n<div class=\"wp-block-group alignfull is-layout-flow wp-container-core-group-is-layout-12cc3699 wp-block-group-is-layout-flow\" style=\"padding-top:10rem\">\n<div class=\"wp-block-group has-global-padding is-layout-constrained wp-container-core-group-is-layout-2931b900 wp-block-group-is-layout-constrained\">\n<div class=\"wp-block-columns alignfull are-vertically-aligned-center is-layout-flex wp-container-core-columns-is-layout-0c0b91ec wp-block-columns-is-layout-flex\">\n<div class=\"wp-block-column is-vertically-aligned-center leftRight is-layout-flow wp-container-core-column-is-layout-58dbe9e9 wp-block-column-is-layout-flow\" style=\"padding-left:10rem;flex-basis:40%\">\n<div class=\"wp-block-group is-style-title-left is-layout-flow wp-block-group-is-layout-flow is-style-title-left--1\">\n<p class=\"has-secondary-color has-text-color has-link-color has-secondary-font-family has-xl-font-size wp-elements-5a4a7f48ee842054c6af9cd4d7a6f80a\">Bucle  <\/p>\n\n\n\n<p class=\"has-primary-color has-text-color has-link-color has-primary-font-family has-sm-font-size wp-elements-78b90edbcb2c10e7ab1a79ceff173002\" style=\"text-transform:uppercase\"><strong>Calmont-Aubouissous<\/strong><\/p>\n<\/div>\n\n\n\n<h1 class=\"wp-block-heading text-title\">Crestas, valles y vistas sobre la llanura del Ari\u00e8ge.<\/h1>\n\n\n\n<p class=\"has-m-font-size\" style=\"padding-left:2rem\">Esta ruta circular comienza en Calmont, recorriendo las colinas y crestas que dominan el valle del Hers, para descender despu\u00e9s hasta la orilla del r\u00edo y regresar al punto de partida. El recorrido ofrece hermosas vistas sobre la llanura y, en un d\u00eda claro, sobre las estribaciones pirenaicas: un buen equilibrio entre naturaleza, relieve y horizonte despejado. <\/p>\n<\/div>\n\n\n\n<div class=\"wp-block-column is-vertically-aligned-center rightLeft wp-block-image alignright size-large has-custom-border is-style-travel is-layout-flow wp-block-column-is-layout-flow is-style-travel--2\" style=\"flex-basis:60%\">\n<figure class=\"wp-block-image alignright size-large\"><img decoding=\"async\" width=\"1024\" height=\"410\" src=\"https:\/\/www.vap-camping.fr\/wp-content\/uploads\/2025\/08\/camping-pas-cher-ariege-1-1024x410.webp\" alt=\"Acampada barata en los Pirineos de Ariege.\" class=\"wp-image-3348\" srcset=\"https:\/\/www.vap-camping.fr\/wp-content\/uploads\/2025\/08\/camping-pas-cher-ariege-1-1024x410.webp 1024w, https:\/\/www.vap-camping.fr\/wp-content\/uploads\/2025\/08\/camping-pas-cher-ariege-1-600x240.webp 600w, https:\/\/www.vap-camping.fr\/wp-content\/uploads\/2025\/08\/camping-pas-cher-ariege-1-768x308.webp 768w, https:\/\/www.vap-camping.fr\/wp-content\/uploads\/2025\/08\/camping-pas-cher-ariege-1-1536x615.webp 1536w, https:\/\/www.vap-camping.fr\/wp-content\/uploads\/2025\/08\/camping-pas-cher-ariege-1.webp 1920w\" sizes=\"(max-width: 1024px) 100vw, 1024px\" \/><\/figure>\n<\/div>\n<\/div>\n<\/div>\n\n\n\n<div class=\"wp-block-group has-global-padding is-layout-constrained wp-block-group-is-layout-constrained\">\n<div class=\"wp-block-columns alignfull are-vertically-aligned-center is-layout-flex wp-container-core-columns-is-layout-0c0b91ec wp-block-columns-is-layout-flex\">\n<div class=\"wp-block-column is-vertically-aligned-center wp-block-image alignright size-large has-custom-border is-style-simple-left leftRight is-layout-flow wp-block-column-is-layout-flow is-style-simple-left--3\" style=\"flex-basis:60%\">\n<figure class=\"wp-block-image alignleft size-large\"><img decoding=\"async\" width=\"1024\" height=\"576\" src=\"https:\/\/www.vap-camping.fr\/wp-content\/uploads\/2025\/08\/promo-vacances-ariege-1024x576.webp\" alt=\"senderismo en Ari&#xE8;ge  \" class=\"wp-image-3364\" srcset=\"https:\/\/www.vap-camping.fr\/wp-content\/uploads\/2025\/08\/promo-vacances-ariege-1024x576.webp 1024w, https:\/\/www.vap-camping.fr\/wp-content\/uploads\/2025\/08\/promo-vacances-ariege-600x338.webp 600w, https:\/\/www.vap-camping.fr\/wp-content\/uploads\/2025\/08\/promo-vacances-ariege-768x432.webp 768w, https:\/\/www.vap-camping.fr\/wp-content\/uploads\/2025\/08\/promo-vacances-ariege-1536x864.webp 1536w, https:\/\/www.vap-camping.fr\/wp-content\/uploads\/2025\/08\/promo-vacances-ariege-2048x1152.webp 2048w\" sizes=\"(max-width: 1024px) 100vw, 1024px\" \/><\/figure>\n<\/div>\n\n\n\n<div class=\"wp-block-column is-vertically-aligned-center rightLeft is-layout-flow wp-container-core-column-is-layout-58dbe9e9 wp-block-column-is-layout-flow\" style=\"padding-left:10rem;flex-basis:40%\">\n<div class=\"wp-block-group is-style-title-left is-layout-flow wp-block-group-is-layout-flow is-style-title-left--4\">\n<p class=\"has-secondary-color has-text-color has-link-color has-secondary-font-family has-xl-font-size wp-elements-c964f218df4363b068ae2f791f97d1ad\"><strong>Nivel medio<\/strong><\/p>\n\n\n\n<p class=\"has-primary-color has-text-color has-link-color has-primary-font-family has-sm-font-size wp-elements-6899ff5169d60cc3d0e2aa1c3001818c\" style=\"text-transform:uppercase\"><strong>a accesible<\/strong><\/p>\n<\/div>\n\n\n\n<h2 class=\"wp-block-heading text-title\">Algunas subidas empinadas, pero manejables.<\/h2>\n\n\n\n<p class=\"has-m-font-size\" style=\"padding-left:2rem\">El recorrido es de ~8,9 km y tiene un ascenso de ~+352 m \/ -301 m. Dos subidas, aunque cortas, son un poco empinadas. El sendero est\u00e1 mal se\u00f1alizado; lo mejor es seguir la pista del GPS. Con tiempo h\u00famedo, el descenso puede ser resbaladizo en algunos tramos. Es esencial llevar buen calzado y tener cuidado. Para m\u00e1s informaci\u00f3n sobre el bucle Calmont <a href=\"https:\/\/www.visorando.com\/randonnee-boucle-d-aubouissous-a-calmont\/\"><mark style=\"background-color:rgba(0, 0, 0, 0)\" class=\"has-inline-color has-secondary-color\">https:\/\/www.visorando.com\/randonnee-boucle-d-aubouissous-a-calmont\/<\/mark><\/a> .       <\/p>\n<\/div>\n<\/div>\n<\/div>\n\n\n\n<div class=\"wp-block-group has-global-padding is-layout-constrained wp-block-group-is-layout-constrained\">\n<div class=\"wp-block-columns alignfull are-vertically-aligned-center is-layout-flex wp-container-core-columns-is-layout-0c0b91ec wp-block-columns-is-layout-flex\">\n<div class=\"wp-block-column is-vertically-aligned-center leftRight is-layout-flow wp-container-core-column-is-layout-58dbe9e9 wp-block-column-is-layout-flow\" style=\"padding-left:10rem;flex-basis:40%\">\n<div class=\"wp-block-group is-style-title-left is-layout-flow wp-block-group-is-layout-flow is-style-title-left--5\">\n<p class=\"has-secondary-color has-text-color has-link-color has-secondary-font-family has-xl-font-size wp-elements-f943a5f3b0706c7315aa6dc159ceca19\">C\u00f3mo llegar<\/p>\n\n\n\n<p class=\"has-primary-color has-text-color has-link-color has-primary-font-family has-sm-font-size wp-elements-49b2ca245d306ed93ca41f03377908f2\" style=\"text-transform:uppercase\"><strong>al punto de partida<\/strong><\/p>\n<\/div>\n\n\n\n<h2 class=\"wp-block-heading text-title\">A menos de 10 minutos en coche del camping a Calmont, \u00a1el punto de partida!<\/h2>\n\n\n\n<p class=\"has-m-font-size\" style=\"padding-left:2rem\">Desde Maz\u00e8res (Camping La Bastide), toma la carretera en direcci\u00f3n a Calmont (Alto Garona). El bucle parte del aparcamiento cercano al cementerio de Calmont. Es un trayecto corto, pr\u00e1ctico para empezar por la ma\u00f1ana, y el aparcamiento es un buen punto de partida para la ruta.  <\/p>\n<\/div>\n\n\n\n<div class=\"wp-block-column is-vertically-aligned-center rightLeft wp-block-image alignright size-large has-custom-border is-style-travel is-layout-flow wp-block-column-is-layout-flow is-style-travel--6\" style=\"flex-basis:60%\">\n<figure class=\"wp-block-image alignright size-large\"><img decoding=\"async\" width=\"1024\" height=\"576\" src=\"https:\/\/www.vap-camping.fr\/wp-content\/uploads\/2025\/04\/cottage-clim-8-place-exterieur-1024x576.jpg\" alt=\"camping la bastide ari&#xE8;ge\" class=\"wp-image-4114\" srcset=\"https:\/\/www.vap-camping.fr\/wp-content\/uploads\/2025\/04\/cottage-clim-8-place-exterieur-1024x576.jpg 1024w, https:\/\/www.vap-camping.fr\/wp-content\/uploads\/2025\/04\/cottage-clim-8-place-exterieur-600x337.jpg 600w, https:\/\/www.vap-camping.fr\/wp-content\/uploads\/2025\/04\/cottage-clim-8-place-exterieur-768x432.jpg 768w, https:\/\/www.vap-camping.fr\/wp-content\/uploads\/2025\/04\/cottage-clim-8-place-exterieur-1536x863.jpg 1536w, https:\/\/www.vap-camping.fr\/wp-content\/uploads\/2025\/04\/cottage-clim-8-place-exterieur-2048x1151.jpg 2048w\" sizes=\"(max-width: 1024px) 100vw, 1024px\" \/><\/figure>\n<\/div>\n<\/div>\n<\/div>\n\n\n\n<div class=\"wp-block-group reveal has-global-padding is-layout-constrained wp-block-group-is-layout-constrained\">\n<div class=\"wp-block-group alignwide is-style-title-simple is-layout-flow wp-block-group-is-layout-flow is-style-title-simple--7\" style=\"margin-top:4rem;margin-bottom:4rem\">\n<p class=\"has-text-align-center has-secondary-color has-text-color has-link-color has-secondary-font-family has-xl-font-size wp-elements-61c3df48646af0da12819b303dfc8ba5\">\n  Nuestros establecimientos<\/p>\n\n\n\n<p class=\"has-text-align-center has-primary-font-family has-sm-font-size\" style=\"text-transform:uppercase\">\n                <strong>cerca de<\/strong>\n            <\/p>\n<\/div>\n\n\n<div class=\"campings-wrapper is-layout-flow wp-block-slider-campings-is-layout-flow\">\n            <div class=\"campings-list\">\n                            <div class=\"camping-item\"\n                    style=\"background-image: linear-gradient(to top, rgba(0, 0, 0, 0.6), transparent), url('https:\/\/www.vap-camping.fr\/wp-content\/uploads\/2025\/07\/dji_0589-2-1024x767.jpg');\">\n                    <a href=\"https:\/\/www.vap-camping.fr\/es\/campings\/camping-la-bastide\/\" title=\"Camping la Bastide(Maz\u00e8res)\" class=\"camping-link\">\n                        <p class=\"title\">Camping la Bastide(Maz\u00e8res)<\/p>\n                        <p class=\"camping-button\">Descubre<\/p>\n                    <\/a>\n                <\/div>\n                    <\/div>\n    <\/div>\n\n<\/div>\n<\/div>\n","protected":false},"excerpt":{"rendered":"<p>\u00a1A 10 minutos en coche del camping llegar\u00e1s al punto de partida de tu excursi\u00f3n en Calmont!<\/p>\n","protected":false},"author":1,"featured_media":3351,"parent":0,"template":"","format":"standard","tax-category-lieux":[70],"class_list":["post-6324","lieux","type-lieux","status-publish","format-standard","has-post-thumbnail","hentry","tax-category-lieux-senderismo-y-paseos"],"acf":{"latitude":"43.287715","longitude":"1.629059","distance":6.2,"pm_lieu_url":"https:\/\/www.visorando.com\/randonnee-boucle-d-aubouissous-a-calmont\/","pm_lieu_phone":"","adresse":"","pm_lieu_title_short":"","af_camping":[101]},"_links":{"self":[{"href":"https:\/\/www.vap-camping.fr\/es\/wp-json\/wp\/v2\/lieux\/6324","targetHints":{"allow":["GET"]}}],"collection":[{"href":"https:\/\/www.vap-camping.fr\/es\/wp-json\/wp\/v2\/lieux"}],"about":[{"href":"https:\/\/www.vap-camping.fr\/es\/wp-json\/wp\/v2\/types\/lieux"}],"author":[{"embeddable":true,"href":"https:\/\/www.vap-camping.fr\/es\/wp-json\/wp\/v2\/users\/1"}],"version-history":[{"count":1,"href":"https:\/\/www.vap-camping.fr\/es\/wp-json\/wp\/v2\/lieux\/6324\/revisions"}],"predecessor-version":[{"id":6326,"href":"https:\/\/www.vap-camping.fr\/es\/wp-json\/wp\/v2\/lieux\/6324\/revisions\/6326"}],"acf:post":[{"embeddable":true,"href":"https:\/\/www.vap-camping.fr\/es\/wp-json\/wp\/v2\/campings\/101"}],"wp:featuredmedia":[{"embeddable":true,"href":"https:\/\/www.vap-camping.fr\/es\/wp-json\/wp\/v2\/media\/3351"}],"wp:attachment":[{"href":"https:\/\/www.vap-camping.fr\/es\/wp-json\/wp\/v2\/media?parent=6324"}],"wp:term":[{"taxonomy":"tax-category-lieux","embeddable":true,"href":"https:\/\/www.vap-camping.fr\/es\/wp-json\/wp\/v2\/tax-category-lieux?post=6324"}],"curies":[{"name":"wp","href":"https:\/\/api.w.org\/{rel}","templated":true}]}}

<div class="wp-block-group alignfull is-layout-flow wp-container-core-group-is-layout-12cc3699 wp-block-group-is-layout-flow" style="padding-top:10rem">
<div class="wp-block-group has-global-padding is-layout-constrained wp-container-core-group-is-layout-2931b900 wp-block-group-is-layout-constrained">
<div class="wp-block-columns alignfull are-vertically-aligned-center is-layout-flex wp-container-core-columns-is-layout-0c0b91ec wp-block-columns-is-layout-flex">
<div class="wp-block-column is-vertically-aligned-center leftRight is-layout-flow wp-container-core-column-is-layout-58dbe9e9 wp-block-column-is-layout-flow" style="padding-left:10rem;flex-basis:40%">
<div class="wp-block-group is-style-title-left is-layout-flow wp-block-group-is-layout-flow is-style-title-left--1">
<p class="has-secondary-color has-text-color has-link-color has-secondary-font-family has-xl-font-size wp-elements-5a4a7f48ee842054c6af9cd4d7a6f80a">Bucle  </p>



<p class="has-primary-color has-text-color has-link-color has-primary-font-family has-sm-font-size wp-elements-78b90edbcb2c10e7ab1a79ceff173002" style="text-transform:uppercase"><strong>Calmont-Aubouissous</strong></p>
</div>



<h1 class="wp-block-heading text-title">Crestas, valles y vistas sobre la llanura del Ariège.</h1>



<p class="has-m-font-size" style="padding-left:2rem">Esta ruta circular comienza en Calmont, recorriendo las colinas y crestas que dominan el valle del Hers, para descender después hasta la orilla del río y regresar al punto de partida. El recorrido ofrece hermosas vistas sobre la llanura y, en un día claro, sobre las estribaciones pirenaicas: un buen equilibrio entre naturaleza, relieve y horizonte despejado. </p>
</div>



<div class="wp-block-column is-vertically-aligned-center rightLeft wp-block-image alignright size-large has-custom-border is-style-travel is-layout-flow wp-block-column-is-layout-flow is-style-travel--2" style="flex-basis:60%">
<figure class="wp-block-image alignright size-large"><img decoding="async" width="1024" height="410" src="https://www.vap-camping.fr/wp-content/uploads/2025/08/camping-pas-cher-ariege-1-1024x410.webp" alt="Acampada barata en los Pirineos de Ariege." class="wp-image-3348" srcset="https://www.vap-camping.fr/wp-content/uploads/2025/08/camping-pas-cher-ariege-1-1024x410.webp 1024w, https://www.vap-camping.fr/wp-content/uploads/2025/08/camping-pas-cher-ariege-1-600x240.webp 600w, https://www.vap-camping.fr/wp-content/uploads/2025/08/camping-pas-cher-ariege-1-768x308.webp 768w, https://www.vap-camping.fr/wp-content/uploads/2025/08/camping-pas-cher-ariege-1-1536x615.webp 1536w, https://www.vap-camping.fr/wp-content/uploads/2025/08/camping-pas-cher-ariege-1.webp 1920w" sizes="(max-width: 1024px) 100vw, 1024px" /></figure>
</div>
</div>
</div>



<div class="wp-block-group has-global-padding is-layout-constrained wp-block-group-is-layout-constrained">
<div class="wp-block-columns alignfull are-vertically-aligned-center is-layout-flex wp-container-core-columns-is-layout-0c0b91ec wp-block-columns-is-layout-flex">
<div class="wp-block-column is-vertically-aligned-center wp-block-image alignright size-large has-custom-border is-style-simple-left leftRight is-layout-flow wp-block-column-is-layout-flow is-style-simple-left--3" style="flex-basis:60%">
<figure class="wp-block-image alignleft size-large"><img decoding="async" width="1024" height="576" src="https://www.vap-camping.fr/wp-content/uploads/2025/08/promo-vacances-ariege-1024x576.webp" alt="senderismo en Ari&#xE8;ge  " class="wp-image-3364" srcset="https://www.vap-camping.fr/wp-content/uploads/2025/08/promo-vacances-ariege-1024x576.webp 1024w, https://www.vap-camping.fr/wp-content/uploads/2025/08/promo-vacances-ariege-600x338.webp 600w, https://www.vap-camping.fr/wp-content/uploads/2025/08/promo-vacances-ariege-768x432.webp 768w, https://www.vap-camping.fr/wp-content/uploads/2025/08/promo-vacances-ariege-1536x864.webp 1536w, https://www.vap-camping.fr/wp-content/uploads/2025/08/promo-vacances-ariege-2048x1152.webp 2048w" sizes="(max-width: 1024px) 100vw, 1024px" /></figure>
</div>



<div class="wp-block-column is-vertically-aligned-center rightLeft is-layout-flow wp-container-core-column-is-layout-58dbe9e9 wp-block-column-is-layout-flow" style="padding-left:10rem;flex-basis:40%">
<div class="wp-block-group is-style-title-left is-layout-flow wp-block-group-is-layout-flow is-style-title-left--4">
<p class="has-secondary-color has-text-color has-link-color has-secondary-font-family has-xl-font-size wp-elements-c964f218df4363b068ae2f791f97d1ad"><strong>Nivel medio</strong></p>



<p class="has-primary-color has-text-color has-link-color has-primary-font-family has-sm-font-size wp-elements-6899ff5169d60cc3d0e2aa1c3001818c" style="text-transform:uppercase"><strong>a accesible</strong></p>
</div>



<h2 class="wp-block-heading text-title">Algunas subidas empinadas, pero manejables.</h2>



<p class="has-m-font-size" style="padding-left:2rem">El recorrido es de ~8,9 km y tiene un ascenso de ~+352 m / -301 m. Dos subidas, aunque cortas, son un poco empinadas. El sendero está mal señalizado; lo mejor es seguir la pista del GPS. Con tiempo húmedo, el descenso puede ser resbaladizo en algunos tramos. Es esencial llevar buen calzado y tener cuidado. Para más información sobre el bucle Calmont <a href="https://www.visorando.com/randonnee-boucle-d-aubouissous-a-calmont/"><mark style="background-color:rgba(0, 0, 0, 0)" class="has-inline-color has-secondary-color">https://www.visorando.com/randonnee-boucle-d-aubouissous-a-calmont/</mark></a> .       </p>
</div>
</div>
</div>



<div class="wp-block-group has-global-padding is-layout-constrained wp-block-group-is-layout-constrained">
<div class="wp-block-columns alignfull are-vertically-aligned-center is-layout-flex wp-container-core-columns-is-layout-0c0b91ec wp-block-columns-is-layout-flex">
<div class="wp-block-column is-vertically-aligned-center leftRight is-layout-flow wp-container-core-column-is-layout-58dbe9e9 wp-block-column-is-layout-flow" style="padding-left:10rem;flex-basis:40%">
<div class="wp-block-group is-style-title-left is-layout-flow wp-block-group-is-layout-flow is-style-title-left--5">
<p class="has-secondary-color has-text-color has-link-color has-secondary-font-family has-xl-font-size wp-elements-f943a5f3b0706c7315aa6dc159ceca19">Cómo llegar</p>



<p class="has-primary-color has-text-color has-link-color has-primary-font-family has-sm-font-size wp-elements-49b2ca245d306ed93ca41f03377908f2" style="text-transform:uppercase"><strong>al punto de partida</strong></p>
</div>



<h2 class="wp-block-heading text-title">A menos de 10 minutos en coche del camping a Calmont, ¡el punto de partida!</h2>



<p class="has-m-font-size" style="padding-left:2rem">Desde Mazères (Camping La Bastide), toma la carretera en dirección a Calmont (Alto Garona). El bucle parte del aparcamiento cercano al cementerio de Calmont. Es un trayecto corto, práctico para empezar por la mañana, y el aparcamiento es un buen punto de partida para la ruta.  </p>
</div>



<div class="wp-block-column is-vertically-aligned-center rightLeft wp-block-image alignright size-large has-custom-border is-style-travel is-layout-flow wp-block-column-is-layout-flow is-style-travel--6" style="flex-basis:60%">
<figure class="wp-block-image alignright size-large"><img decoding="async" width="1024" height="576" src="https://www.vap-camping.fr/wp-content/uploads/2025/04/cottage-clim-8-place-exterieur-1024x576.jpg" alt="camping la bastide ari&#xE8;ge" class="wp-image-4114" srcset="https://www.vap-camping.fr/wp-content/uploads/2025/04/cottage-clim-8-place-exterieur-1024x576.jpg 1024w, https://www.vap-camping.fr/wp-content/uploads/2025/04/cottage-clim-8-place-exterieur-600x337.jpg 600w, https://www.vap-camping.fr/wp-content/uploads/2025/04/cottage-clim-8-place-exterieur-768x432.jpg 768w, https://www.vap-camping.fr/wp-content/uploads/2025/04/cottage-clim-8-place-exterieur-1536x863.jpg 1536w, https://www.vap-camping.fr/wp-content/uploads/2025/04/cottage-clim-8-place-exterieur-2048x1151.jpg 2048w" sizes="(max-width: 1024px) 100vw, 1024px" /></figure>
</div>
</div>
</div>



<div class="wp-block-group reveal has-global-padding is-layout-constrained wp-block-group-is-layout-constrained">
<div class="wp-block-group alignwide is-style-title-simple is-layout-flow wp-block-group-is-layout-flow is-style-title-simple--7" style="margin-top:4rem;margin-bottom:4rem">
<p class="has-text-align-center has-secondary-color has-text-color has-link-color has-secondary-font-family has-xl-font-size wp-elements-61c3df48646af0da12819b303dfc8ba5">
  Nuestros establecimientos</p>



<p class="has-text-align-center has-primary-font-family has-sm-font-size" style="text-transform:uppercase">
                <strong>cerca de</strong>
            </p>
</div>


<div class="campings-wrapper is-layout-flow wp-block-slider-campings-is-layout-flow">
            <div class="campings-list">
                            <div class="camping-item"
                    style="background-image: linear-gradient(to top, rgba(0, 0, 0, 0.6), transparent), url('https://www.vap-camping.fr/wp-content/uploads/2025/07/dji_0589-2-1024x767.jpg');">
                    <a href="https://www.vap-camping.fr/es/campings/camping-la-bastide/" title="Camping la Bastide(Mazères)" class="camping-link">
                        <p class="title">Camping la Bastide(Mazères)</p>
                        <p class="camping-button">Descubre</p>
                    </a>
                </div>
                    </div>
    </div>

</div>
</div>

<p>¡A 10 minutos en coche del camping llegarás al punto de partida de tu excursión en Calmont!</p>
