{"id":6441,"date":"2025-11-27T22:24:16","date_gmt":"2025-11-27T22:24:16","guid":{"rendered":"https:\/\/www.vap-camping.fr\/lieux\/mont-fourcat-en-ariege\/"},"modified":"2026-01-30T00:31:53","modified_gmt":"2026-01-30T00:31:53","slug":"mont-fourcat-en-ariege","status":"publish","type":"lieux","link":"https:\/\/www.vap-camping.fr\/es\/lieux\/mont-fourcat-en-ariege\/","title":{"rendered":"Monte Fourcat en Ari\u00e8ge"},"content":{"rendered":"\n<div class=\"wp-block-group alignfull is-layout-flow wp-container-core-group-is-layout-12cc3699 wp-block-group-is-layout-flow\" style=\"padding-top:10rem\">\n<div class=\"wp-block-group has-global-padding is-layout-constrained wp-container-core-group-is-layout-2931b900 wp-block-group-is-layout-constrained\">\n<div class=\"wp-block-columns alignfull are-vertically-aligned-center is-layout-flex wp-container-core-columns-is-layout-0c0b91ec wp-block-columns-is-layout-flex\">\n<div class=\"wp-block-column is-vertically-aligned-center leftRight is-layout-flow wp-container-core-column-is-layout-58dbe9e9 wp-block-column-is-layout-flow\" style=\"padding-left:10rem;flex-basis:40%\">\n<div class=\"wp-block-group is-style-title-left is-layout-flow wp-block-group-is-layout-flow is-style-title-left--1\">\n<p class=\"has-secondary-color has-text-color has-link-color has-secondary-font-family has-xl-font-size wp-elements-07af8cd128cafaf74a5f70c86f587e44\">Monte Fourcat<\/p>\n\n\n\n<p class=\"has-primary-color has-text-color has-link-color has-primary-font-family has-sm-font-size wp-elements-470f50aecc3d58365f730572133f561c\" style=\"text-transform:uppercase\"><strong>vista impresionante<\/strong><\/p>\n<\/div>\n\n\n\n<h1 class=\"wp-block-heading text-title\">Una cima tranquila para disfrutar de vistas de 360\u00b0 de los Pirineos.<\/h1>\n\n\n\n<p class=\"has-m-font-size\" style=\"padding-left:2rem\">El Monte Fourcat domina el valle y ofrece unas vistas espectaculares de las monta\u00f1as del Ari\u00e8ge. Accesible a trav\u00e9s de una ruta de senderismo, es un mirador ideal desde el que admirar la naturaleza, respirar aire puro y contemplar las cumbres circundantes. Un lugar perfecto para volver a conectar con las monta\u00f1as, lejos del ajetreo, ideal para los amantes de la tranquilidad y la vida al aire libre.  <\/p>\n<\/div>\n\n\n\n<div class=\"wp-block-column is-vertically-aligned-center rightLeft wp-block-image alignright size-large has-custom-border is-style-travel is-layout-flow wp-block-column-is-layout-flow is-style-travel--2\" style=\"flex-basis:60%\">\n<figure class=\"wp-block-image alignright size-large\"><img alt=\"\" decoding=\"async\" width=\"1024\" height=\"672\" src=\"https:\/\/www.vap-camping.fr\/wp-content\/uploads\/2025\/05\/AdobeStock_76352589-1024x672.jpeg\" alt=\"\" class=\"wp-image-1260\" srcset=\"https:\/\/www.vap-camping.fr\/wp-content\/uploads\/2025\/05\/AdobeStock_76352589-1024x672.jpeg 1024w, https:\/\/www.vap-camping.fr\/wp-content\/uploads\/2025\/05\/AdobeStock_76352589-600x394.jpeg 600w, https:\/\/www.vap-camping.fr\/wp-content\/uploads\/2025\/05\/AdobeStock_76352589-768x504.jpeg 768w, https:\/\/www.vap-camping.fr\/wp-content\/uploads\/2025\/05\/AdobeStock_76352589-1536x1008.jpeg 1536w, https:\/\/www.vap-camping.fr\/wp-content\/uploads\/2025\/05\/AdobeStock_76352589-2048x1344.jpeg 2048w\" sizes=\"(max-width: 1024px) 100vw, 1024px\" \/><\/figure>\n<\/div>\n<\/div>\n<\/div>\n\n\n\n<div class=\"wp-block-group has-global-padding is-layout-constrained wp-block-group-is-layout-constrained\">\n<div class=\"wp-block-columns alignfull are-vertically-aligned-center is-layout-flex wp-container-core-columns-is-layout-0c0b91ec wp-block-columns-is-layout-flex\">\n<div class=\"wp-block-column is-vertically-aligned-center wp-block-image alignright size-large has-custom-border is-style-simple-left leftRight is-layout-flow wp-block-column-is-layout-flow is-style-simple-left--3\" style=\"flex-basis:60%\">\n<figure class=\"wp-block-image alignleft size-full\"><img alt=\"\" decoding=\"async\" width=\"800\" height=\"533\" src=\"https:\/\/www.vap-camping.fr\/wp-content\/uploads\/2025\/04\/randonee_pyrenee_ariege-1.png\" alt=\"\" class=\"wp-image-698\" srcset=\"https:\/\/www.vap-camping.fr\/wp-content\/uploads\/2025\/04\/randonee_pyrenee_ariege-1.png 800w, https:\/\/www.vap-camping.fr\/wp-content\/uploads\/2025\/04\/randonee_pyrenee_ariege-1-600x400.png 600w, https:\/\/www.vap-camping.fr\/wp-content\/uploads\/2025\/04\/randonee_pyrenee_ariege-1-768x512.png 768w\" sizes=\"(max-width: 800px) 100vw, 800px\" \/><\/figure>\n<\/div>\n\n\n\n<div class=\"wp-block-column is-vertically-aligned-center rightLeft is-layout-flow wp-container-core-column-is-layout-58dbe9e9 wp-block-column-is-layout-flow\" style=\"padding-left:10rem;flex-basis:40%\">\n<div class=\"wp-block-group is-style-title-left is-layout-flow wp-block-group-is-layout-flow is-style-title-left--4\">\n<p class=\"has-secondary-color has-text-color has-link-color has-secondary-font-family has-xl-font-size wp-elements-a823bbb1990f2ce734a90b97e213ff79\">Senderismo  <\/p>\n\n\n\n<p class=\"has-primary-color has-text-color has-link-color has-primary-font-family has-sm-font-size wp-elements-ca98172756b99d2570453888e64daa4c\" style=\"text-transform:uppercase\"><strong>y contemplaci\u00f3n<\/strong><\/p>\n<\/div>\n\n\n\n<h1 class=\"wp-block-heading text-title\">Paseos alpinos, magn\u00edficas vistas, naturaleza virgen.<\/h1>\n\n\n\n<p class=\"has-m-font-size\" style=\"padding-left:2rem\">La ascensi\u00f3n al Mont Fourcat es una hermosa caminata -accesible para senderistas motivados- que conduce a una cumbre que ofrece vistas espectaculares de las cordilleras pirenaicas. Aqu\u00ed podr\u00e1s disfrutar de las vistas panor\u00e1micas, de la tranquilidad absoluta y del entorno natural y salvaje para hacer fotos, observar la fauna o simplemente relajarte en la cima. Una gran recompensa tras el esfuerzo de la subida. Es un viaje de ida y vuelta de 9,3 km con un ascenso de 757,85 m, y se tarda de 4 a 5 horas con buen calzado. Para m\u00e1s informaci\u00f3n sobre la excursi\u00f3n <a href=\"https:\/\/www.pyrenees-ariegeoises.com\/a-voir-a-faire\/balades-et-randonnees\/le-mont-fourcat-mercus-garrabet-fr-4362809\/\"><mark style=\"background-color:rgba(0, 0, 0, 0)\" class=\"has-inline-color has-secondary-color\">https:\/\/www.pyrenees-ariegeoises.com\/a-voir-a-faire\/balades-et-randonnees\/le-mont-fourcat-mercus-garrabet-fr-4362809\/<\/mark><\/a> .    <\/p>\n<\/div>\n<\/div>\n<\/div>\n\n\n\n<div class=\"wp-block-group has-global-padding is-layout-constrained wp-block-group-is-layout-constrained\">\n<div class=\"wp-block-columns alignfull are-vertically-aligned-center is-layout-flex wp-container-core-columns-is-layout-0c0b91ec wp-block-columns-is-layout-flex\">\n<div class=\"wp-block-column is-vertically-aligned-center leftRight is-layout-flow wp-container-core-column-is-layout-58dbe9e9 wp-block-column-is-layout-flow\" style=\"padding-left:10rem;flex-basis:40%\">\n<div class=\"wp-block-group is-style-title-left is-layout-flow wp-block-group-is-layout-flow is-style-title-left--5\">\n<p class=\"has-secondary-color has-text-color has-link-color has-secondary-font-family has-xl-font-size wp-elements-ed48d7be4404033b52e872c257055cd3\">C\u00f3mo <\/p>\n\n\n\n<p class=\"has-primary-color has-text-color has-link-color has-primary-font-family has-sm-font-size wp-elements-dd20b556d7ee9ab48dbfb098dd4c67de\" style=\"text-transform:uppercase\"><strong>ir al punto de partida<\/strong><\/p>\n<\/div>\n\n\n\n<h2 class=\"wp-block-heading text-title\">Coche + paseo: un d\u00eda perfecto.<\/h2>\n\n\n\n<p class=\"has-m-font-size\" style=\"padding-left:2rem\">Dir\u00edgete al norte de Tarasc\u00f3n por la D618 hacia Mercus. En el pueblo, gira a la derecha por la D61 hacia Croqui\u00e9. A la entrada del pueblo, junto al gran casta\u00f1o, toma la pista de la izquierda hasta el aparcamiento de Brougues. Lleva buen calzado, una mochila ligera, agua y un tentempi\u00e9. Esta excursi\u00f3n es ideal para pasar medio d\u00eda o un d\u00eda entero en la monta\u00f1a.      <\/p>\n<\/div>\n\n\n\n<div class=\"wp-block-column is-vertically-aligned-center rightLeft wp-block-image alignright size-large has-custom-border is-style-travel is-layout-flow wp-block-column-is-layout-flow is-style-travel--6\" style=\"flex-basis:60%\">\n<figure class=\"wp-block-image alignright size-large\"><img decoding=\"async\" width=\"1024\" height=\"685\" src=\"https:\/\/www.vap-camping.fr\/wp-content\/uploads\/2025\/05\/AdobeStock_12111915-1024x685.jpeg\" alt=\"invierno\" class=\"wp-image-1150\" srcset=\"https:\/\/www.vap-camping.fr\/wp-content\/uploads\/2025\/05\/AdobeStock_12111915-1024x685.jpeg 1024w, https:\/\/www.vap-camping.fr\/wp-content\/uploads\/2025\/05\/AdobeStock_12111915-600x402.jpeg 600w, https:\/\/www.vap-camping.fr\/wp-content\/uploads\/2025\/05\/AdobeStock_12111915-768x514.jpeg 768w, https:\/\/www.vap-camping.fr\/wp-content\/uploads\/2025\/05\/AdobeStock_12111915-1536x1028.jpeg 1536w, https:\/\/www.vap-camping.fr\/wp-content\/uploads\/2025\/05\/AdobeStock_12111915-2048x1371.jpeg 2048w\" sizes=\"(max-width: 1024px) 100vw, 1024px\" \/><\/figure>\n<\/div>\n<\/div>\n<\/div>\n\n\n\n<div class=\"wp-block-group reveal has-global-padding is-layout-constrained wp-block-group-is-layout-constrained\">\n<div class=\"wp-block-group alignwide is-style-title-simple is-layout-flow wp-block-group-is-layout-flow is-style-title-simple--7\" style=\"margin-top:4rem;margin-bottom:4rem\">\n<p class=\"has-text-align-center has-secondary-color has-text-color has-link-color has-secondary-font-family has-xl-font-size wp-elements-61c3df48646af0da12819b303dfc8ba5\">\n  Nuestros establecimientos<\/p>\n\n\n\n<p class=\"has-text-align-center has-primary-font-family has-sm-font-size\" style=\"text-transform:uppercase\">\n                <strong>cerca de<\/strong>\n            <\/p>\n<\/div>\n\n\n<div class=\"campings-wrapper is-layout-flow wp-block-slider-campings-is-layout-flow\">\n            <div class=\"campings-list\">\n                            <div class=\"camping-item\"\n                    style=\"background-image: linear-gradient(to top, rgba(0, 0, 0, 0.6), transparent), url('https:\/\/www.vap-camping.fr\/wp-content\/uploads\/2025\/04\/img_5291-1024x768-1.jpg');\">\n                    <a href=\"https:\/\/www.vap-camping.fr\/es\/campings\/oustalous-complex\/\" title=\"Complejo Les Oustalous\" class=\"camping-link\">\n                        <p class=\"title\">Complejo Les Oustalous<\/p>\n                        <p class=\"camping-button\">Descubre<\/p>\n                    <\/a>\n                <\/div>\n                    <\/div>\n    <\/div>\n\n<\/div>\n<\/div>\n","protected":false},"excerpt":{"rendered":"<p>Excursi\u00f3n al Mont Fourcat<\/p>\n","protected":false},"author":1,"featured_media":4854,"parent":0,"template":"","format":"standard","tax-category-lieux":[70],"class_list":["post-6441","lieux","type-lieux","status-publish","format-standard","has-post-thumbnail","hentry","tax-category-lieux-senderismo-y-paseos"],"acf":{"latitude":"42.855000","longitude":"  1.716111","distance":32,"pm_lieu_url":"https:\/\/www.pyrenees-ariegeoises.com\/a-voir-a-faire\/balades-et-randonnees\/le-mont-fourcat-mercus-garrabet-fr-4362809\/","pm_lieu_phone":"","adresse":"","pm_lieu_title_short":"","af_camping":[105]},"_links":{"self":[{"href":"https:\/\/www.vap-camping.fr\/es\/wp-json\/wp\/v2\/lieux\/6441","targetHints":{"allow":["GET"]}}],"collection":[{"href":"https:\/\/www.vap-camping.fr\/es\/wp-json\/wp\/v2\/lieux"}],"about":[{"href":"https:\/\/www.vap-camping.fr\/es\/wp-json\/wp\/v2\/types\/lieux"}],"author":[{"embeddable":true,"href":"https:\/\/www.vap-camping.fr\/es\/wp-json\/wp\/v2\/users\/1"}],"version-history":[{"count":1,"href":"https:\/\/www.vap-camping.fr\/es\/wp-json\/wp\/v2\/lieux\/6441\/revisions"}],"predecessor-version":[{"id":6443,"href":"https:\/\/www.vap-camping.fr\/es\/wp-json\/wp\/v2\/lieux\/6441\/revisions\/6443"}],"acf:post":[{"embeddable":true,"href":"https:\/\/www.vap-camping.fr\/es\/wp-json\/wp\/v2\/campings\/105"}],"wp:featuredmedia":[{"embeddable":true,"href":"https:\/\/www.vap-camping.fr\/es\/wp-json\/wp\/v2\/media\/4854"}],"wp:attachment":[{"href":"https:\/\/www.vap-camping.fr\/es\/wp-json\/wp\/v2\/media?parent=6441"}],"wp:term":[{"taxonomy":"tax-category-lieux","embeddable":true,"href":"https:\/\/www.vap-camping.fr\/es\/wp-json\/wp\/v2\/tax-category-lieux?post=6441"}],"curies":[{"name":"wp","href":"https:\/\/api.w.org\/{rel}","templated":true}]}}

Monte Fourcat en Ariège

<div class="wp-block-group alignfull is-layout-flow wp-container-core-group-is-layout-12cc3699 wp-block-group-is-layout-flow" style="padding-top:10rem">
<div class="wp-block-group has-global-padding is-layout-constrained wp-container-core-group-is-layout-2931b900 wp-block-group-is-layout-constrained">
<div class="wp-block-columns alignfull are-vertically-aligned-center is-layout-flex wp-container-core-columns-is-layout-0c0b91ec wp-block-columns-is-layout-flex">
<div class="wp-block-column is-vertically-aligned-center leftRight is-layout-flow wp-container-core-column-is-layout-58dbe9e9 wp-block-column-is-layout-flow" style="padding-left:10rem;flex-basis:40%">
<div class="wp-block-group is-style-title-left is-layout-flow wp-block-group-is-layout-flow is-style-title-left--1">
<p class="has-secondary-color has-text-color has-link-color has-secondary-font-family has-xl-font-size wp-elements-07af8cd128cafaf74a5f70c86f587e44">Monte Fourcat</p>



<p class="has-primary-color has-text-color has-link-color has-primary-font-family has-sm-font-size wp-elements-470f50aecc3d58365f730572133f561c" style="text-transform:uppercase"><strong>vista impresionante</strong></p>
</div>



<h1 class="wp-block-heading text-title">Una cima tranquila para disfrutar de vistas de 360° de los Pirineos.</h1>



<p class="has-m-font-size" style="padding-left:2rem">El Monte Fourcat domina el valle y ofrece unas vistas espectaculares de las montañas del Ariège. Accesible a través de una ruta de senderismo, es un mirador ideal desde el que admirar la naturaleza, respirar aire puro y contemplar las cumbres circundantes. Un lugar perfecto para volver a conectar con las montañas, lejos del ajetreo, ideal para los amantes de la tranquilidad y la vida al aire libre.  </p>
</div>



<div class="wp-block-column is-vertically-aligned-center rightLeft wp-block-image alignright size-large has-custom-border is-style-travel is-layout-flow wp-block-column-is-layout-flow is-style-travel--2" style="flex-basis:60%">
<figure class="wp-block-image alignright size-large"><img alt="" decoding="async" width="1024" height="672" src="https://www.vap-camping.fr/wp-content/uploads/2025/05/AdobeStock_76352589-1024x672.jpeg" alt="" class="wp-image-1260" srcset="https://www.vap-camping.fr/wp-content/uploads/2025/05/AdobeStock_76352589-1024x672.jpeg 1024w, https://www.vap-camping.fr/wp-content/uploads/2025/05/AdobeStock_76352589-600x394.jpeg 600w, https://www.vap-camping.fr/wp-content/uploads/2025/05/AdobeStock_76352589-768x504.jpeg 768w, https://www.vap-camping.fr/wp-content/uploads/2025/05/AdobeStock_76352589-1536x1008.jpeg 1536w, https://www.vap-camping.fr/wp-content/uploads/2025/05/AdobeStock_76352589-2048x1344.jpeg 2048w" sizes="(max-width: 1024px) 100vw, 1024px" /></figure>
</div>
</div>
</div>



<div class="wp-block-group has-global-padding is-layout-constrained wp-block-group-is-layout-constrained">
<div class="wp-block-columns alignfull are-vertically-aligned-center is-layout-flex wp-container-core-columns-is-layout-0c0b91ec wp-block-columns-is-layout-flex">
<div class="wp-block-column is-vertically-aligned-center wp-block-image alignright size-large has-custom-border is-style-simple-left leftRight is-layout-flow wp-block-column-is-layout-flow is-style-simple-left--3" style="flex-basis:60%">
<figure class="wp-block-image alignleft size-full"><img alt="" decoding="async" width="800" height="533" src="https://www.vap-camping.fr/wp-content/uploads/2025/04/randonee_pyrenee_ariege-1.png" alt="" class="wp-image-698" srcset="https://www.vap-camping.fr/wp-content/uploads/2025/04/randonee_pyrenee_ariege-1.png 800w, https://www.vap-camping.fr/wp-content/uploads/2025/04/randonee_pyrenee_ariege-1-600x400.png 600w, https://www.vap-camping.fr/wp-content/uploads/2025/04/randonee_pyrenee_ariege-1-768x512.png 768w" sizes="(max-width: 800px) 100vw, 800px" /></figure>
</div>



<div class="wp-block-column is-vertically-aligned-center rightLeft is-layout-flow wp-container-core-column-is-layout-58dbe9e9 wp-block-column-is-layout-flow" style="padding-left:10rem;flex-basis:40%">
<div class="wp-block-group is-style-title-left is-layout-flow wp-block-group-is-layout-flow is-style-title-left--4">
<p class="has-secondary-color has-text-color has-link-color has-secondary-font-family has-xl-font-size wp-elements-a823bbb1990f2ce734a90b97e213ff79">Senderismo  </p>



<p class="has-primary-color has-text-color has-link-color has-primary-font-family has-sm-font-size wp-elements-ca98172756b99d2570453888e64daa4c" style="text-transform:uppercase"><strong>y contemplación</strong></p>
</div>



<h1 class="wp-block-heading text-title">Paseos alpinos, magníficas vistas, naturaleza virgen.</h1>



<p class="has-m-font-size" style="padding-left:2rem">La ascensión al Mont Fourcat es una hermosa caminata -accesible para senderistas motivados- que conduce a una cumbre que ofrece vistas espectaculares de las cordilleras pirenaicas. Aquí podrás disfrutar de las vistas panorámicas, de la tranquilidad absoluta y del entorno natural y salvaje para hacer fotos, observar la fauna o simplemente relajarte en la cima. Una gran recompensa tras el esfuerzo de la subida. Es un viaje de ida y vuelta de 9,3 km con un ascenso de 757,85 m, y se tarda de 4 a 5 horas con buen calzado. Para más información sobre la excursión <a href="https://www.pyrenees-ariegeoises.com/a-voir-a-faire/balades-et-randonnees/le-mont-fourcat-mercus-garrabet-fr-4362809/"><mark style="background-color:rgba(0, 0, 0, 0)" class="has-inline-color has-secondary-color">https://www.pyrenees-ariegeoises.com/a-voir-a-faire/balades-et-randonnees/le-mont-fourcat-mercus-garrabet-fr-4362809/</mark></a> .    </p>
</div>
</div>
</div>



<div class="wp-block-group has-global-padding is-layout-constrained wp-block-group-is-layout-constrained">
<div class="wp-block-columns alignfull are-vertically-aligned-center is-layout-flex wp-container-core-columns-is-layout-0c0b91ec wp-block-columns-is-layout-flex">
<div class="wp-block-column is-vertically-aligned-center leftRight is-layout-flow wp-container-core-column-is-layout-58dbe9e9 wp-block-column-is-layout-flow" style="padding-left:10rem;flex-basis:40%">
<div class="wp-block-group is-style-title-left is-layout-flow wp-block-group-is-layout-flow is-style-title-left--5">
<p class="has-secondary-color has-text-color has-link-color has-secondary-font-family has-xl-font-size wp-elements-ed48d7be4404033b52e872c257055cd3">Cómo </p>



<p class="has-primary-color has-text-color has-link-color has-primary-font-family has-sm-font-size wp-elements-dd20b556d7ee9ab48dbfb098dd4c67de" style="text-transform:uppercase"><strong>ir al punto de partida</strong></p>
</div>



<h2 class="wp-block-heading text-title">Coche + paseo: un día perfecto.</h2>



<p class="has-m-font-size" style="padding-left:2rem">Dirígete al norte de Tarascón por la D618 hacia Mercus. En el pueblo, gira a la derecha por la D61 hacia Croquié. A la entrada del pueblo, junto al gran castaño, toma la pista de la izquierda hasta el aparcamiento de Brougues. Lleva buen calzado, una mochila ligera, agua y un tentempié. Esta excursión es ideal para pasar medio día o un día entero en la montaña.      </p>
</div>



<div class="wp-block-column is-vertically-aligned-center rightLeft wp-block-image alignright size-large has-custom-border is-style-travel is-layout-flow wp-block-column-is-layout-flow is-style-travel--6" style="flex-basis:60%">
<figure class="wp-block-image alignright size-large"><img decoding="async" width="1024" height="685" src="https://www.vap-camping.fr/wp-content/uploads/2025/05/AdobeStock_12111915-1024x685.jpeg" alt="invierno" class="wp-image-1150" srcset="https://www.vap-camping.fr/wp-content/uploads/2025/05/AdobeStock_12111915-1024x685.jpeg 1024w, https://www.vap-camping.fr/wp-content/uploads/2025/05/AdobeStock_12111915-600x402.jpeg 600w, https://www.vap-camping.fr/wp-content/uploads/2025/05/AdobeStock_12111915-768x514.jpeg 768w, https://www.vap-camping.fr/wp-content/uploads/2025/05/AdobeStock_12111915-1536x1028.jpeg 1536w, https://www.vap-camping.fr/wp-content/uploads/2025/05/AdobeStock_12111915-2048x1371.jpeg 2048w" sizes="(max-width: 1024px) 100vw, 1024px" /></figure>
</div>
</div>
</div>



<div class="wp-block-group reveal has-global-padding is-layout-constrained wp-block-group-is-layout-constrained">
<div class="wp-block-group alignwide is-style-title-simple is-layout-flow wp-block-group-is-layout-flow is-style-title-simple--7" style="margin-top:4rem;margin-bottom:4rem">
<p class="has-text-align-center has-secondary-color has-text-color has-link-color has-secondary-font-family has-xl-font-size wp-elements-61c3df48646af0da12819b303dfc8ba5">
  Nuestros establecimientos</p>



<p class="has-text-align-center has-primary-font-family has-sm-font-size" style="text-transform:uppercase">
                <strong>cerca de</strong>
            </p>
</div>


<div class="campings-wrapper is-layout-flow wp-block-slider-campings-is-layout-flow">
            <div class="campings-list">
                            <div class="camping-item"
                    style="background-image: linear-gradient(to top, rgba(0, 0, 0, 0.6), transparent), url('https://www.vap-camping.fr/wp-content/uploads/2025/04/img_5291-1024x768-1.jpg');">
                    <a href="https://www.vap-camping.fr/es/campings/oustalous-complex/" title="Complejo Les Oustalous" class="camping-link">
                        <p class="title">Complejo Les Oustalous</p>
                        <p class="camping-button">Descubre</p>
                    </a>
                </div>
                    </div>
    </div>

</div>
</div>

<p>Excursión al Mont Fourcat</p>
