{"id":6535,"date":"2025-05-09T13:52:10","date_gmt":"2025-05-09T13:52:10","guid":{"rendered":"https:\/\/www.vap-camping.fr\/lieux\/forteresse-de-calames\/"},"modified":"2026-01-30T00:46:23","modified_gmt":"2026-01-30T00:46:23","slug":"forteresse-de-calames","status":"publish","type":"lieux","link":"https:\/\/www.vap-camping.fr\/es\/lieux\/forteresse-de-calames\/","title":{"rendered":"Fortaleza de Calam\u00e8s"},"content":{"rendered":"\n<div class=\"wp-block-group alignfull is-layout-flow wp-container-core-group-is-layout-12cc3699 wp-block-group-is-layout-flow\" style=\"padding-top:10rem\">\n<div class=\"wp-block-group has-global-padding is-layout-constrained wp-container-core-group-is-layout-2931b900 wp-block-group-is-layout-constrained\">\n<div class=\"wp-block-columns alignfull are-vertically-aligned-center is-layout-flex wp-container-core-columns-is-layout-0c0b91ec wp-block-columns-is-layout-flex\">\n<div class=\"wp-block-column is-vertically-aligned-center leftRight is-layout-flow wp-container-core-column-is-layout-58dbe9e9 wp-block-column-is-layout-flow\" style=\"padding-left:10rem;flex-basis:40%\">\n<div class=\"wp-block-group is-style-title-left is-layout-flow wp-block-group-is-layout-flow is-style-title-left--1\">\n<p class=\"has-secondary-color has-text-color has-link-color has-secondary-font-family has-xl-font-size wp-elements-bfeba2077273356fcdf9c4dc0ce55d37\">Fortaleza de Calam\u00e8s<\/p>\n\n\n\n<p class=\"has-primary-color has-text-color has-link-color has-primary-font-family has-sm-font-size wp-elements-4e5208e7f6886e8afe9d96ccd8479098\" style=\"text-transform:uppercase\"><strong>entre ruinas medievales y panoramas de altura<\/strong><\/p>\n<\/div>\n\n\n\n<h1 class=\"wp-block-heading text-title\">Un lugar en lo alto de una colina cargada de historia, en el coraz\u00f3n de las monta\u00f1as de Ari\u00e8ge<\/h1>\n\n\n\n<p class=\"has-m-font-size\" style=\"padding-left:2rem\">Dominando el valle de B\u00e9deilhac, la fortaleza de Calam\u00e8s es un antiguo emplazamiento defensivo medieval, hoy en ruinas.  <\/p>\n\n\n\n<p class=\"has-m-font-size\" style=\"padding-left:2rem\">Accesible s\u00f3lo a pie, ofrece un hermoso paseo con, al llegar, una vista sin obst\u00e1culos de las monta\u00f1as y valles circundantes.<\/p>\n<\/div>\n\n\n\n<div class=\"wp-block-column is-vertically-aligned-center rightLeft wp-block-image alignright size-large has-custom-border is-style-travel is-layout-flow wp-block-column-is-layout-flow is-style-travel--2\" style=\"flex-basis:60%\">\n<figure class=\"wp-block-image alignright size-full\"><img decoding=\"async\" width=\"550\" height=\"385\" src=\"https:\/\/www.vap-camping.fr\/wp-content\/uploads\/2025\/05\/chateau_ariege.jpg\" alt=\"Castillo de Ariege\" class=\"wp-image-811\"\/><\/figure>\n<\/div>\n<\/div>\n<\/div>\n\n\n\n<div class=\"wp-block-group has-global-padding is-layout-constrained wp-block-group-is-layout-constrained\">\n<div class=\"wp-block-columns alignfull are-vertically-aligned-center is-layout-flex wp-container-core-columns-is-layout-0c0b91ec wp-block-columns-is-layout-flex\">\n<div class=\"wp-block-column is-vertically-aligned-center wp-block-image alignright size-large has-custom-border is-style-simple-left leftRight is-layout-flow wp-block-column-is-layout-flow is-style-simple-left--3\" style=\"flex-basis:60%\">\n<figure class=\"wp-block-image alignleft size-large\"><img decoding=\"async\" width=\"1024\" height=\"768\" src=\"https:\/\/www.vap-camping.fr\/wp-content\/uploads\/2025\/05\/AdobeStock_1312971900-1024x768.jpeg\" alt=\"senderismo Ari&#xE8;ge\" class=\"wp-image-1159\" srcset=\"https:\/\/www.vap-camping.fr\/wp-content\/uploads\/2025\/05\/AdobeStock_1312971900-1024x768.jpeg 1024w, https:\/\/www.vap-camping.fr\/wp-content\/uploads\/2025\/05\/AdobeStock_1312971900-600x450.jpeg 600w, https:\/\/www.vap-camping.fr\/wp-content\/uploads\/2025\/05\/AdobeStock_1312971900-768x576.jpeg 768w, https:\/\/www.vap-camping.fr\/wp-content\/uploads\/2025\/05\/AdobeStock_1312971900-1536x1152.jpeg 1536w, https:\/\/www.vap-camping.fr\/wp-content\/uploads\/2025\/05\/AdobeStock_1312971900-2048x1536.jpeg 2048w\" sizes=\"(max-width: 1024px) 100vw, 1024px\" \/><\/figure>\n<\/div>\n\n\n\n<div class=\"wp-block-column is-vertically-aligned-center rightLeft is-layout-flow wp-container-core-column-is-layout-58dbe9e9 wp-block-column-is-layout-flow\" style=\"padding-left:10rem;flex-basis:40%\">\n<div class=\"wp-block-group is-style-title-left is-layout-flow wp-block-group-is-layout-flow is-style-title-left--4\">\n<p class=\"has-secondary-color has-text-color has-link-color has-secondary-font-family has-xl-font-size wp-elements-23a96031afd03c88a4787970b7745239\">Un paseo<\/p>\n\n\n\n<p class=\"has-primary-color has-text-color has-link-color has-primary-font-family has-sm-font-size wp-elements-e466f61a67e12f5a681530f23f14d7f4\" style=\"text-transform:uppercase\"><strong>corto pero sostenido<\/strong><\/p>\n<\/div>\n\n\n\n<h2 class=\"wp-block-heading text-title\">Aproximadamente 1,5 horas a pie desde B\u00e9deilhac y vuelta<\/h2>\n\n\n\n<p class=\"has-m-font-size\" style=\"padding-left:2rem\">El sendero comienza en el pueblo de B\u00e9deilhac y asciende constantemente por el bosque. Tras una empinada subida, las ruinas aparecen en lo alto de un promontorio calc\u00e1reo. El panorama es espectacular, con vistas a los Pirineos y al valle del Ari\u00e8ge.  <\/p>\n<\/div>\n<\/div>\n<\/div>\n\n\n\n<div class=\"wp-block-group has-global-padding is-layout-constrained wp-block-group-is-layout-constrained\">\n<div class=\"wp-block-columns alignfull are-vertically-aligned-center is-layout-flex wp-container-core-columns-is-layout-0c0b91ec wp-block-columns-is-layout-flex\">\n<div class=\"wp-block-column is-vertically-aligned-center leftRight is-layout-flow wp-container-core-column-is-layout-58dbe9e9 wp-block-column-is-layout-flow\" style=\"padding-left:10rem;flex-basis:40%\">\n<div class=\"wp-block-group is-style-title-left is-layout-flow wp-block-group-is-layout-flow is-style-title-left--5\">\n<p class=\"has-secondary-color has-text-color has-link-color has-secondary-font-family has-xl-font-size wp-elements-a69cbc853af227a6c2b2db73e864190d\">Un lugar tranquilo<\/p>\n\n\n\n<p class=\"has-primary-color has-text-color has-link-color has-primary-font-family has-sm-font-size wp-elements-fb97783e90380750ceb83fb0e5128be9\" style=\"text-transform:uppercase\"><strong>lejos de las multitudes<\/strong><\/p>\n<\/div>\n\n\n\n<h2 class=\"wp-block-heading text-title\">Ideal para los amantes de la paz, la naturaleza y el patrimonio olvidado<\/h2>\n\n\n\n<p class=\"has-m-font-size\" style=\"padding-left:2rem\">La fortaleza de Calam\u00e8s es poco visitada, lo que la convierte en el destino perfecto para quienes buscan un lugar hist\u00f3rico fuera de los caminos trillados. A\u00fan puedes divisar las antiguas murallas, pero sobre todo puedes disfrutar del silencio y la belleza del paisaje. Tras esta magn\u00edfica excursi\u00f3n, disfruta de un merecido descanso en uno de nuestros establecimientos VAP, idealmente situados cerca de este tesoro escondido.    <\/p>\n\n\n\n<p class=\"has-m-font-size\" style=\"padding-left:2rem\">Para m\u00e1s informaci\u00f3n sobre la fortaleza: <a href=\"https:\/\/www.mairie-saurat.fr\/le-chateau-de-calames\/\"><mark style=\"background-color:rgba(0, 0, 0, 0)\" class=\"has-inline-color has-secondary-color\">https:\/\/www.mairie-saurat.fr\/le-chateau-de-calames\/<\/mark><\/a> .<\/p>\n<\/div>\n\n\n\n<div class=\"wp-block-column is-vertically-aligned-center rightLeft wp-block-image alignright size-large has-custom-border is-style-travel is-layout-flow wp-block-column-is-layout-flow is-style-travel--6\" style=\"flex-basis:60%\">\n<figure class=\"wp-block-image alignright size-full\"><img decoding=\"async\" width=\"2560\" height=\"1920\" src=\"https:\/\/www.vap-camping.fr\/wp-content\/uploads\/2025\/05\/img_1870-scaled.jpeg\" alt=\"espl&#xE9;ndida vista del Ari&#xE8;ge\" class=\"wp-image-4489\" srcset=\"https:\/\/www.vap-camping.fr\/wp-content\/uploads\/2025\/05\/img_1870-scaled.jpeg 2560w, https:\/\/www.vap-camping.fr\/wp-content\/uploads\/2025\/05\/img_1870-600x450.jpeg 600w, https:\/\/www.vap-camping.fr\/wp-content\/uploads\/2025\/05\/img_1870-1024x768.jpeg 1024w, https:\/\/www.vap-camping.fr\/wp-content\/uploads\/2025\/05\/img_1870-768x576.jpeg 768w, https:\/\/www.vap-camping.fr\/wp-content\/uploads\/2025\/05\/img_1870-1536x1152.jpeg 1536w, https:\/\/www.vap-camping.fr\/wp-content\/uploads\/2025\/05\/img_1870-2048x1536.jpeg 2048w\" sizes=\"(max-width: 2560px) 100vw, 2560px\" \/><\/figure>\n<\/div>\n<\/div>\n<\/div>\n\n\n\n<div class=\"wp-block-group reveal has-global-padding is-layout-constrained wp-block-group-is-layout-constrained\">\n<div class=\"wp-block-group alignwide is-style-title-simple is-layout-flow wp-block-group-is-layout-flow is-style-title-simple--7\" style=\"margin-top:4rem;margin-bottom:4rem\">\n<p class=\"has-text-align-center has-secondary-color has-text-color has-link-color has-secondary-font-family has-xl-font-size wp-elements-61c3df48646af0da12819b303dfc8ba5\">\n  Nuestros establecimientos<\/p>\n\n\n\n<p class=\"has-text-align-center has-primary-font-family has-sm-font-size\" style=\"text-transform:uppercase\">\n                <strong>cerca de<\/strong>\n            <\/p>\n<\/div>\n\n\n<div class=\"campings-wrapper is-layout-flow wp-block-slider-campings-is-layout-flow\">\n            <div class=\"campings-list\">\n                            <div class=\"camping-item\"\n                    style=\"background-image: linear-gradient(to top, rgba(0, 0, 0, 0.6), transparent), url('https:\/\/www.vap-camping.fr\/wp-content\/uploads\/2025\/04\/camping-avec-piscine-1024x767.jpg');\">\n                    <a href=\"https:\/\/www.vap-camping.fr\/es\/campings\/camping-du-lac\/\" title=\"Camping du lac(Foix)\" class=\"camping-link\">\n                        <p class=\"title\">Camping du lac(Foix)<\/p>\n                        <p class=\"camping-button\">Descubre<\/p>\n                    <\/a>\n                <\/div>\n                            <div class=\"camping-item\"\n                    style=\"background-image: linear-gradient(to top, rgba(0, 0, 0, 0.6), transparent), url('https:\/\/www.vap-camping.fr\/wp-content\/uploads\/2025\/04\/img_5291-1024x768-1.jpg');\">\n                    <a href=\"https:\/\/www.vap-camping.fr\/es\/campings\/oustalous-complex\/\" title=\"Complejo Les Oustalous\" class=\"camping-link\">\n                        <p class=\"title\">Complejo Les Oustalous<\/p>\n                        <p class=\"camping-button\">Descubre<\/p>\n                    <\/a>\n                <\/div>\n                    <\/div>\n    <\/div>\n\n<\/div>\n<\/div>\n","protected":false},"excerpt":{"rendered":"<p>La fortaleza de Calam\u00e8s, enclavada en plena naturaleza y lejos de las multitudes, este lugar cargado de historia es tambi\u00e9n un lugar popular para los escaladores.<\/p>\n","protected":false},"author":1,"featured_media":4520,"parent":0,"template":"","format":"standard","tax-category-lieux":[51],"class_list":["post-6535","lieux","type-lieux","status-publish","format-standard","has-post-thumbnail","hentry","tax-category-lieux-castillos"],"acf":{"latitude":"42.8696545","longitude":"1.4180698","distance":20,"pm_lieu_url":"https:\/\/www.mairie-saurat.fr\/le-chateau-de-calames","pm_lieu_phone":"","adresse":"","pm_lieu_title_short":"","af_camping":[22,105]},"_links":{"self":[{"href":"https:\/\/www.vap-camping.fr\/es\/wp-json\/wp\/v2\/lieux\/6535","targetHints":{"allow":["GET"]}}],"collection":[{"href":"https:\/\/www.vap-camping.fr\/es\/wp-json\/wp\/v2\/lieux"}],"about":[{"href":"https:\/\/www.vap-camping.fr\/es\/wp-json\/wp\/v2\/types\/lieux"}],"author":[{"embeddable":true,"href":"https:\/\/www.vap-camping.fr\/es\/wp-json\/wp\/v2\/users\/1"}],"version-history":[{"count":1,"href":"https:\/\/www.vap-camping.fr\/es\/wp-json\/wp\/v2\/lieux\/6535\/revisions"}],"predecessor-version":[{"id":6537,"href":"https:\/\/www.vap-camping.fr\/es\/wp-json\/wp\/v2\/lieux\/6535\/revisions\/6537"}],"acf:post":[{"embeddable":true,"href":"https:\/\/www.vap-camping.fr\/es\/wp-json\/wp\/v2\/campings\/105"},{"embeddable":true,"href":"https:\/\/www.vap-camping.fr\/es\/wp-json\/wp\/v2\/campings\/22"}],"wp:featuredmedia":[{"embeddable":true,"href":"https:\/\/www.vap-camping.fr\/es\/wp-json\/wp\/v2\/media\/4520"}],"wp:attachment":[{"href":"https:\/\/www.vap-camping.fr\/es\/wp-json\/wp\/v2\/media?parent=6535"}],"wp:term":[{"taxonomy":"tax-category-lieux","embeddable":true,"href":"https:\/\/www.vap-camping.fr\/es\/wp-json\/wp\/v2\/tax-category-lieux?post=6535"}],"curies":[{"name":"wp","href":"https:\/\/api.w.org\/{rel}","templated":true}]}}

Fortaleza de Calamès

<div class="wp-block-group alignfull is-layout-flow wp-container-core-group-is-layout-12cc3699 wp-block-group-is-layout-flow" style="padding-top:10rem">
<div class="wp-block-group has-global-padding is-layout-constrained wp-container-core-group-is-layout-2931b900 wp-block-group-is-layout-constrained">
<div class="wp-block-columns alignfull are-vertically-aligned-center is-layout-flex wp-container-core-columns-is-layout-0c0b91ec wp-block-columns-is-layout-flex">
<div class="wp-block-column is-vertically-aligned-center leftRight is-layout-flow wp-container-core-column-is-layout-58dbe9e9 wp-block-column-is-layout-flow" style="padding-left:10rem;flex-basis:40%">
<div class="wp-block-group is-style-title-left is-layout-flow wp-block-group-is-layout-flow is-style-title-left--1">
<p class="has-secondary-color has-text-color has-link-color has-secondary-font-family has-xl-font-size wp-elements-bfeba2077273356fcdf9c4dc0ce55d37">Fortaleza de Calamès</p>



<p class="has-primary-color has-text-color has-link-color has-primary-font-family has-sm-font-size wp-elements-4e5208e7f6886e8afe9d96ccd8479098" style="text-transform:uppercase"><strong>entre ruinas medievales y panoramas de altura</strong></p>
</div>



<h1 class="wp-block-heading text-title">Un lugar en lo alto de una colina cargada de historia, en el corazón de las montañas de Ariège</h1>



<p class="has-m-font-size" style="padding-left:2rem">Dominando el valle de Bédeilhac, la fortaleza de Calamès es un antiguo emplazamiento defensivo medieval, hoy en ruinas.  </p>



<p class="has-m-font-size" style="padding-left:2rem">Accesible sólo a pie, ofrece un hermoso paseo con, al llegar, una vista sin obstáculos de las montañas y valles circundantes.</p>
</div>



<div class="wp-block-column is-vertically-aligned-center rightLeft wp-block-image alignright size-large has-custom-border is-style-travel is-layout-flow wp-block-column-is-layout-flow is-style-travel--2" style="flex-basis:60%">
<figure class="wp-block-image alignright size-full"><img decoding="async" width="550" height="385" src="https://www.vap-camping.fr/wp-content/uploads/2025/05/chateau_ariege.jpg" alt="Castillo de Ariege" class="wp-image-811"/></figure>
</div>
</div>
</div>



<div class="wp-block-group has-global-padding is-layout-constrained wp-block-group-is-layout-constrained">
<div class="wp-block-columns alignfull are-vertically-aligned-center is-layout-flex wp-container-core-columns-is-layout-0c0b91ec wp-block-columns-is-layout-flex">
<div class="wp-block-column is-vertically-aligned-center wp-block-image alignright size-large has-custom-border is-style-simple-left leftRight is-layout-flow wp-block-column-is-layout-flow is-style-simple-left--3" style="flex-basis:60%">
<figure class="wp-block-image alignleft size-large"><img decoding="async" width="1024" height="768" src="https://www.vap-camping.fr/wp-content/uploads/2025/05/AdobeStock_1312971900-1024x768.jpeg" alt="senderismo Ari&#xE8;ge" class="wp-image-1159" srcset="https://www.vap-camping.fr/wp-content/uploads/2025/05/AdobeStock_1312971900-1024x768.jpeg 1024w, https://www.vap-camping.fr/wp-content/uploads/2025/05/AdobeStock_1312971900-600x450.jpeg 600w, https://www.vap-camping.fr/wp-content/uploads/2025/05/AdobeStock_1312971900-768x576.jpeg 768w, https://www.vap-camping.fr/wp-content/uploads/2025/05/AdobeStock_1312971900-1536x1152.jpeg 1536w, https://www.vap-camping.fr/wp-content/uploads/2025/05/AdobeStock_1312971900-2048x1536.jpeg 2048w" sizes="(max-width: 1024px) 100vw, 1024px" /></figure>
</div>



<div class="wp-block-column is-vertically-aligned-center rightLeft is-layout-flow wp-container-core-column-is-layout-58dbe9e9 wp-block-column-is-layout-flow" style="padding-left:10rem;flex-basis:40%">
<div class="wp-block-group is-style-title-left is-layout-flow wp-block-group-is-layout-flow is-style-title-left--4">
<p class="has-secondary-color has-text-color has-link-color has-secondary-font-family has-xl-font-size wp-elements-23a96031afd03c88a4787970b7745239">Un paseo</p>



<p class="has-primary-color has-text-color has-link-color has-primary-font-family has-sm-font-size wp-elements-e466f61a67e12f5a681530f23f14d7f4" style="text-transform:uppercase"><strong>corto pero sostenido</strong></p>
</div>



<h2 class="wp-block-heading text-title">Aproximadamente 1,5 horas a pie desde Bédeilhac y vuelta</h2>



<p class="has-m-font-size" style="padding-left:2rem">El sendero comienza en el pueblo de Bédeilhac y asciende constantemente por el bosque. Tras una empinada subida, las ruinas aparecen en lo alto de un promontorio calcáreo. El panorama es espectacular, con vistas a los Pirineos y al valle del Ariège.  </p>
</div>
</div>
</div>



<div class="wp-block-group has-global-padding is-layout-constrained wp-block-group-is-layout-constrained">
<div class="wp-block-columns alignfull are-vertically-aligned-center is-layout-flex wp-container-core-columns-is-layout-0c0b91ec wp-block-columns-is-layout-flex">
<div class="wp-block-column is-vertically-aligned-center leftRight is-layout-flow wp-container-core-column-is-layout-58dbe9e9 wp-block-column-is-layout-flow" style="padding-left:10rem;flex-basis:40%">
<div class="wp-block-group is-style-title-left is-layout-flow wp-block-group-is-layout-flow is-style-title-left--5">
<p class="has-secondary-color has-text-color has-link-color has-secondary-font-family has-xl-font-size wp-elements-a69cbc853af227a6c2b2db73e864190d">Un lugar tranquilo</p>



<p class="has-primary-color has-text-color has-link-color has-primary-font-family has-sm-font-size wp-elements-fb97783e90380750ceb83fb0e5128be9" style="text-transform:uppercase"><strong>lejos de las multitudes</strong></p>
</div>



<h2 class="wp-block-heading text-title">Ideal para los amantes de la paz, la naturaleza y el patrimonio olvidado</h2>



<p class="has-m-font-size" style="padding-left:2rem">La fortaleza de Calamès es poco visitada, lo que la convierte en el destino perfecto para quienes buscan un lugar histórico fuera de los caminos trillados. Aún puedes divisar las antiguas murallas, pero sobre todo puedes disfrutar del silencio y la belleza del paisaje. Tras esta magnífica excursión, disfruta de un merecido descanso en uno de nuestros establecimientos VAP, idealmente situados cerca de este tesoro escondido.    </p>



<p class="has-m-font-size" style="padding-left:2rem">Para más información sobre la fortaleza: <a href="https://www.mairie-saurat.fr/le-chateau-de-calames/"><mark style="background-color:rgba(0, 0, 0, 0)" class="has-inline-color has-secondary-color">https://www.mairie-saurat.fr/le-chateau-de-calames/</mark></a> .</p>
</div>



<div class="wp-block-column is-vertically-aligned-center rightLeft wp-block-image alignright size-large has-custom-border is-style-travel is-layout-flow wp-block-column-is-layout-flow is-style-travel--6" style="flex-basis:60%">
<figure class="wp-block-image alignright size-full"><img decoding="async" width="2560" height="1920" src="https://www.vap-camping.fr/wp-content/uploads/2025/05/img_1870-scaled.jpeg" alt="espl&#xE9;ndida vista del Ari&#xE8;ge" class="wp-image-4489" srcset="https://www.vap-camping.fr/wp-content/uploads/2025/05/img_1870-scaled.jpeg 2560w, https://www.vap-camping.fr/wp-content/uploads/2025/05/img_1870-600x450.jpeg 600w, https://www.vap-camping.fr/wp-content/uploads/2025/05/img_1870-1024x768.jpeg 1024w, https://www.vap-camping.fr/wp-content/uploads/2025/05/img_1870-768x576.jpeg 768w, https://www.vap-camping.fr/wp-content/uploads/2025/05/img_1870-1536x1152.jpeg 1536w, https://www.vap-camping.fr/wp-content/uploads/2025/05/img_1870-2048x1536.jpeg 2048w" sizes="(max-width: 2560px) 100vw, 2560px" /></figure>
</div>
</div>
</div>



<div class="wp-block-group reveal has-global-padding is-layout-constrained wp-block-group-is-layout-constrained">
<div class="wp-block-group alignwide is-style-title-simple is-layout-flow wp-block-group-is-layout-flow is-style-title-simple--7" style="margin-top:4rem;margin-bottom:4rem">
<p class="has-text-align-center has-secondary-color has-text-color has-link-color has-secondary-font-family has-xl-font-size wp-elements-61c3df48646af0da12819b303dfc8ba5">
  Nuestros establecimientos</p>



<p class="has-text-align-center has-primary-font-family has-sm-font-size" style="text-transform:uppercase">
                <strong>cerca de</strong>
            </p>
</div>


<div class="campings-wrapper is-layout-flow wp-block-slider-campings-is-layout-flow">
            <div class="campings-list">
                            <div class="camping-item"
                    style="background-image: linear-gradient(to top, rgba(0, 0, 0, 0.6), transparent), url('https://www.vap-camping.fr/wp-content/uploads/2025/04/camping-avec-piscine-1024x767.jpg');">
                    <a href="https://www.vap-camping.fr/es/campings/camping-du-lac/" title="Camping du lac(Foix)" class="camping-link">
                        <p class="title">Camping du lac(Foix)</p>
                        <p class="camping-button">Descubre</p>
                    </a>
                </div>
                            <div class="camping-item"
                    style="background-image: linear-gradient(to top, rgba(0, 0, 0, 0.6), transparent), url('https://www.vap-camping.fr/wp-content/uploads/2025/04/img_5291-1024x768-1.jpg');">
                    <a href="https://www.vap-camping.fr/es/campings/oustalous-complex/" title="Complejo Les Oustalous" class="camping-link">
                        <p class="title">Complejo Les Oustalous</p>
                        <p class="camping-button">Descubre</p>
                    </a>
                </div>
                    </div>
    </div>

</div>
</div>

<p>La fortaleza de Calamès, enclavada en plena naturaleza y lejos de las multitudes, este lugar cargado de historia es también un lugar popular para los escaladores.</p>
