{"id":6630,"date":"2025-05-09T12:43:37","date_gmt":"2025-05-09T12:43:37","guid":{"rendered":"https:\/\/www.vap-camping.fr\/lieux\/pic-de-saint-barthelemy\/"},"modified":"2026-01-30T00:55:59","modified_gmt":"2026-01-30T00:55:59","slug":"pic-de-saint-barthelemy","status":"publish","type":"lieux","link":"https:\/\/www.vap-camping.fr\/es\/lieux\/pic-de-saint-barthelemy\/","title":{"rendered":"Pico de San Bartolom\u00e9"},"content":{"rendered":"\n<div class=\"wp-block-group alignfull is-layout-flow wp-container-core-group-is-layout-12cc3699 wp-block-group-is-layout-flow\" style=\"padding-top:10rem\">\n<div class=\"wp-block-group has-global-padding is-layout-constrained wp-container-core-group-is-layout-2931b900 wp-block-group-is-layout-constrained\">\n<div class=\"wp-block-columns alignfull are-vertically-aligned-center is-layout-flex wp-container-core-columns-is-layout-0c0b91ec wp-block-columns-is-layout-flex\">\n<div class=\"wp-block-column is-vertically-aligned-center leftRight is-layout-flow wp-container-core-column-is-layout-58dbe9e9 wp-block-column-is-layout-flow\" style=\"padding-left:10rem;flex-basis:40%\">\n<div class=\"wp-block-group is-style-title-left is-layout-flow wp-block-group-is-layout-flow is-style-title-left--1\">\n<p class=\"has-secondary-color has-text-color has-link-color has-secondary-font-family has-xl-font-size wp-elements-5c3a09c126ee1f3680306bfc0194c32c\">El Pic de Saint-Barth\u00e9lemy<\/p>\n\n\n\n<p class=\"has-primary-color has-text-color has-link-color has-primary-font-family has-sm-font-size wp-elements-4602fcad467e8e5629d1b37fe1007ed6\" style=\"text-transform:uppercase\"><strong>la cumbre emblem\u00e1tica del Ari\u00e8ge<\/strong><\/p>\n<\/div>\n\n\n\n<h1 class=\"wp-block-heading text-title\">Un panorama excepcional a m\u00e1s de 2.300 metros de altitud<\/h1>\n\n\n\n<p class=\"has-m-font-size\" style=\"padding-left:2rem\">Dominando la regi\u00f3n del Pays d&#8217;Olmes, el Pic de Saint-Barth\u00e9lemy (2.348 m) es uno de los picos m\u00e1s altos del macizo de Tabe. Accesible para excursionistas experimentados, ofrece unas vistas impresionantes de los Pirineos, la llanura de Ari\u00e8ge y, en un d\u00eda despejado, hasta las estribaciones del Macizo Central. <\/p>\n<\/div>\n\n\n\n<div class=\"wp-block-column is-vertically-aligned-center wp-block-image alignright size-large has-custom-border is-style-travel rightLeft is-layout-flow wp-block-column-is-layout-flow is-style-travel--2\" style=\"flex-basis:60%\">\n<figure class=\"wp-block-image alignright size-large\"><img alt=\"\" decoding=\"async\" width=\"1024\" height=\"672\" src=\"https:\/\/www.vap-camping.fr\/wp-content\/uploads\/2025\/05\/AdobeStock_76352589-1024x672.jpeg\" alt=\"\" class=\"wp-image-1260\" srcset=\"https:\/\/www.vap-camping.fr\/wp-content\/uploads\/2025\/05\/AdobeStock_76352589-1024x672.jpeg 1024w, https:\/\/www.vap-camping.fr\/wp-content\/uploads\/2025\/05\/AdobeStock_76352589-600x394.jpeg 600w, https:\/\/www.vap-camping.fr\/wp-content\/uploads\/2025\/05\/AdobeStock_76352589-768x504.jpeg 768w, https:\/\/www.vap-camping.fr\/wp-content\/uploads\/2025\/05\/AdobeStock_76352589-1536x1008.jpeg 1536w, https:\/\/www.vap-camping.fr\/wp-content\/uploads\/2025\/05\/AdobeStock_76352589-2048x1344.jpeg 2048w\" sizes=\"(max-width: 1024px) 100vw, 1024px\" \/><\/figure>\n<\/div>\n<\/div>\n<\/div>\n\n\n\n<div class=\"wp-block-group has-global-padding is-layout-constrained wp-block-group-is-layout-constrained\">\n<div class=\"wp-block-columns alignfull are-vertically-aligned-center is-layout-flex wp-container-core-columns-is-layout-0c0b91ec wp-block-columns-is-layout-flex\">\n<div class=\"wp-block-column is-vertically-aligned-center wp-block-image alignright size-large has-custom-border is-style-simple-left leftRight is-layout-flow wp-block-column-is-layout-flow is-style-simple-left--3\" style=\"flex-basis:60%\">\n<figure class=\"wp-block-image alignleft size-large\"><img alt=\"\" decoding=\"async\" width=\"1024\" height=\"669\" src=\"https:\/\/www.vap-camping.fr\/wp-content\/uploads\/2025\/05\/AdobeStock_76379544-1024x669.jpeg\" alt=\"\" class=\"wp-image-1262\" srcset=\"https:\/\/www.vap-camping.fr\/wp-content\/uploads\/2025\/05\/AdobeStock_76379544-1024x669.jpeg 1024w, https:\/\/www.vap-camping.fr\/wp-content\/uploads\/2025\/05\/AdobeStock_76379544-600x392.jpeg 600w, https:\/\/www.vap-camping.fr\/wp-content\/uploads\/2025\/05\/AdobeStock_76379544-768x502.jpeg 768w, https:\/\/www.vap-camping.fr\/wp-content\/uploads\/2025\/05\/AdobeStock_76379544-1536x1003.jpeg 1536w, https:\/\/www.vap-camping.fr\/wp-content\/uploads\/2025\/05\/AdobeStock_76379544-2048x1338.jpeg 2048w\" sizes=\"(max-width: 1024px) 100vw, 1024px\" \/><\/figure>\n<\/div>\n\n\n\n<div class=\"wp-block-column is-vertically-aligned-center rightLeft is-layout-flow wp-container-core-column-is-layout-58dbe9e9 wp-block-column-is-layout-flow\" style=\"padding-left:10rem;flex-basis:40%\">\n<div class=\"wp-block-group is-style-title-left is-layout-flow wp-block-group-is-layout-flow is-style-title-left--4\">\n<p class=\"has-secondary-color has-text-color has-link-color has-secondary-font-family has-xl-font-size wp-elements-23a96031afd03c88a4787970b7745239\">Un paseo<\/p>\n\n\n\n<p class=\"has-primary-color has-text-color has-link-color has-primary-font-family has-sm-font-size wp-elements-4917617683f17ba1bdb710e4c3950ea8\" style=\"text-transform:uppercase\"><strong>exigente pero espectacular<\/strong><\/p>\n<\/div>\n\n\n\n<h2 class=\"wp-block-heading text-title\">Una ruta para senderistas experimentados desde el Col de Monts\u00e9gur o Montferrier<\/h2>\n\n\n\n<p class=\"has-m-font-size\" style=\"padding-left:2rem\">La subida suele durar de 4 a 5 horas de ida y vuelta, con un buen desnivel (unos 1.000 m). Por el camino, el paisaje alterna bosques, pastos de monta\u00f1a y crestas rocosas. Al llegar a la cima se disfruta de una vista de 360\u00b0, compartida con el cercano Pic de Soularac.  <\/p>\n<\/div>\n<\/div>\n<\/div>\n\n\n\n<div class=\"wp-block-group has-global-padding is-layout-constrained wp-block-group-is-layout-constrained\">\n<div class=\"wp-block-columns alignfull are-vertically-aligned-center is-layout-flex wp-container-core-columns-is-layout-0c0b91ec wp-block-columns-is-layout-flex\">\n<div class=\"wp-block-column is-vertically-aligned-center leftRight is-layout-flow wp-container-core-column-is-layout-58dbe9e9 wp-block-column-is-layout-flow\" style=\"padding-left:10rem;flex-basis:40%\">\n<div class=\"wp-block-group is-style-title-left is-layout-flow wp-block-group-is-layout-flow is-style-title-left--5\">\n<p class=\"has-secondary-color has-text-color has-link-color has-secondary-font-family has-xl-font-size wp-elements-ca8952648836e11de7b79a354c7830a3\">Panorama<\/p>\n\n\n\n<p class=\"has-primary-color has-text-color has-link-color has-primary-font-family has-sm-font-size wp-elements-9c9f9939080ad30c663bea70683ded6a\" style=\"text-transform:uppercase\"><strong>y puro silencio<\/strong><\/p>\n<\/div>\n\n\n\n<h2 class=\"wp-block-heading text-title\">Una cima que recompensa el esfuerzo con la cruda belleza de los Pirineos<\/h2>\n\n\n\n<p class=\"has-m-font-size\" style=\"padding-left:2rem\">Desde la cresta, la vista se extiende sobre los valles de Ax-les-Thermes, las alturas de Donezan y los macizos andorranos. El lugar es tranquilo, lejos de las multitudes, e ideal para un verdadero descanso en altitud. <\/p>\n<\/div>\n\n\n\n<div class=\"wp-block-column is-vertically-aligned-center wp-block-image alignright size-large has-custom-border rightLeft is-style-simple-right is-layout-flow wp-block-column-is-layout-flow is-style-simple-right--6\" style=\"flex-basis:60%\">\n<figure class=\"wp-block-image alignright size-large\"><img alt=\"\" decoding=\"async\" width=\"1024\" height=\"678\" src=\"https:\/\/www.vap-camping.fr\/wp-content\/uploads\/2025\/05\/AdobeStock_182442786-1024x678.jpeg\" alt=\"\" class=\"wp-image-1264\" srcset=\"https:\/\/www.vap-camping.fr\/wp-content\/uploads\/2025\/05\/AdobeStock_182442786-1024x678.jpeg 1024w, https:\/\/www.vap-camping.fr\/wp-content\/uploads\/2025\/05\/AdobeStock_182442786-600x397.jpeg 600w, https:\/\/www.vap-camping.fr\/wp-content\/uploads\/2025\/05\/AdobeStock_182442786-768x509.jpeg 768w, https:\/\/www.vap-camping.fr\/wp-content\/uploads\/2025\/05\/AdobeStock_182442786-1536x1017.jpeg 1536w, https:\/\/www.vap-camping.fr\/wp-content\/uploads\/2025\/05\/AdobeStock_182442786-2048x1356.jpeg 2048w\" sizes=\"(max-width: 1024px) 100vw, 1024px\" \/><\/figure>\n<\/div>\n<\/div>\n<\/div>\n\n\n\n<div class=\"wp-block-group reveal has-global-padding is-layout-constrained wp-block-group-is-layout-constrained\">\n<div class=\"wp-block-group alignwide is-style-title-simple is-layout-flow wp-block-group-is-layout-flow is-style-title-simple--7\" style=\"margin-top:4rem;margin-bottom:4rem\">\n<p class=\"has-text-align-center has-secondary-color has-text-color has-link-color has-secondary-font-family has-xl-font-size wp-elements-61c3df48646af0da12819b303dfc8ba5\">\n  Nuestros establecimientos<\/p>\n\n\n\n<p class=\"has-text-align-center has-primary-font-family has-sm-font-size\" style=\"text-transform:uppercase\">\n                <strong>cerca de<\/strong><\/p>\n<\/div>\n\n\n<div class=\"campings-wrapper is-layout-flow wp-block-slider-campings-is-layout-flow\">\n            <div class=\"campings-list\">\n                            <div class=\"camping-item\"\n                    style=\"background-image: linear-gradient(to top, rgba(0, 0, 0, 0.6), transparent), url('https:\/\/www.vap-camping.fr\/wp-content\/uploads\/2025\/04\/img_5291-1024x768-1.jpg');\">\n                    <a href=\"https:\/\/www.vap-camping.fr\/es\/campings\/oustalous-complex\/\" title=\"Complejo Les Oustalous\" class=\"camping-link\">\n                        <p class=\"title\">Complejo Les Oustalous<\/p>\n                        <p class=\"camping-button\">Descubre<\/p>\n                    <\/a>\n                <\/div>\n                    <\/div>\n    <\/div>\n\n<\/div>\n<\/div>\n","protected":false},"excerpt":{"rendered":"<p>El Pic de Saint-Barth\u00e9lemy ofrece unas vistas excepcionales de los Pirineos y del valle del Ari\u00e8ge. Explora paisajes salvajes y contin\u00faa tu aventura hasta el \u00c9tang d&#8217;Appy, un lago situado en un entorno natural, ideal para los amantes de la naturaleza y las vistas impresionantes. <\/p>\n","protected":false},"author":1,"featured_media":6632,"parent":0,"template":"","format":"standard","tax-category-lieux":[70],"class_list":["post-6630","lieux","type-lieux","status-publish","format-standard","has-post-thumbnail","hentry","tax-category-lieux-senderismo-y-paseos"],"acf":{"latitude":"42.8192908","longitude":"1.7609553","distance":27,"pm_lieu_url":"","pm_lieu_phone":"","adresse":"","pm_lieu_title_short":"","af_camping":[105]},"_links":{"self":[{"href":"https:\/\/www.vap-camping.fr\/es\/wp-json\/wp\/v2\/lieux\/6630","targetHints":{"allow":["GET"]}}],"collection":[{"href":"https:\/\/www.vap-camping.fr\/es\/wp-json\/wp\/v2\/lieux"}],"about":[{"href":"https:\/\/www.vap-camping.fr\/es\/wp-json\/wp\/v2\/types\/lieux"}],"author":[{"embeddable":true,"href":"https:\/\/www.vap-camping.fr\/es\/wp-json\/wp\/v2\/users\/1"}],"version-history":[{"count":1,"href":"https:\/\/www.vap-camping.fr\/es\/wp-json\/wp\/v2\/lieux\/6630\/revisions"}],"predecessor-version":[{"id":6635,"href":"https:\/\/www.vap-camping.fr\/es\/wp-json\/wp\/v2\/lieux\/6630\/revisions\/6635"}],"acf:post":[{"embeddable":true,"href":"https:\/\/www.vap-camping.fr\/es\/wp-json\/wp\/v2\/campings\/105"}],"wp:featuredmedia":[{"embeddable":true,"href":"https:\/\/www.vap-camping.fr\/es\/wp-json\/wp\/v2\/media\/6632"}],"wp:attachment":[{"href":"https:\/\/www.vap-camping.fr\/es\/wp-json\/wp\/v2\/media?parent=6630"}],"wp:term":[{"taxonomy":"tax-category-lieux","embeddable":true,"href":"https:\/\/www.vap-camping.fr\/es\/wp-json\/wp\/v2\/tax-category-lieux?post=6630"}],"curies":[{"name":"wp","href":"https:\/\/api.w.org\/{rel}","templated":true}]}}

Pico de San Bartolomé

<div class="wp-block-group alignfull is-layout-flow wp-container-core-group-is-layout-12cc3699 wp-block-group-is-layout-flow" style="padding-top:10rem">
<div class="wp-block-group has-global-padding is-layout-constrained wp-container-core-group-is-layout-2931b900 wp-block-group-is-layout-constrained">
<div class="wp-block-columns alignfull are-vertically-aligned-center is-layout-flex wp-container-core-columns-is-layout-0c0b91ec wp-block-columns-is-layout-flex">
<div class="wp-block-column is-vertically-aligned-center leftRight is-layout-flow wp-container-core-column-is-layout-58dbe9e9 wp-block-column-is-layout-flow" style="padding-left:10rem;flex-basis:40%">
<div class="wp-block-group is-style-title-left is-layout-flow wp-block-group-is-layout-flow is-style-title-left--1">
<p class="has-secondary-color has-text-color has-link-color has-secondary-font-family has-xl-font-size wp-elements-5c3a09c126ee1f3680306bfc0194c32c">El Pic de Saint-Barthélemy</p>



<p class="has-primary-color has-text-color has-link-color has-primary-font-family has-sm-font-size wp-elements-4602fcad467e8e5629d1b37fe1007ed6" style="text-transform:uppercase"><strong>la cumbre emblemática del Ariège</strong></p>
</div>



<h1 class="wp-block-heading text-title">Un panorama excepcional a más de 2.300 metros de altitud</h1>



<p class="has-m-font-size" style="padding-left:2rem">Dominando la región del Pays d&#8217;Olmes, el Pic de Saint-Barthélemy (2.348 m) es uno de los picos más altos del macizo de Tabe. Accesible para excursionistas experimentados, ofrece unas vistas impresionantes de los Pirineos, la llanura de Ariège y, en un día despejado, hasta las estribaciones del Macizo Central. </p>
</div>



<div class="wp-block-column is-vertically-aligned-center wp-block-image alignright size-large has-custom-border is-style-travel rightLeft is-layout-flow wp-block-column-is-layout-flow is-style-travel--2" style="flex-basis:60%">
<figure class="wp-block-image alignright size-large"><img alt="" decoding="async" width="1024" height="672" src="https://www.vap-camping.fr/wp-content/uploads/2025/05/AdobeStock_76352589-1024x672.jpeg" alt="" class="wp-image-1260" srcset="https://www.vap-camping.fr/wp-content/uploads/2025/05/AdobeStock_76352589-1024x672.jpeg 1024w, https://www.vap-camping.fr/wp-content/uploads/2025/05/AdobeStock_76352589-600x394.jpeg 600w, https://www.vap-camping.fr/wp-content/uploads/2025/05/AdobeStock_76352589-768x504.jpeg 768w, https://www.vap-camping.fr/wp-content/uploads/2025/05/AdobeStock_76352589-1536x1008.jpeg 1536w, https://www.vap-camping.fr/wp-content/uploads/2025/05/AdobeStock_76352589-2048x1344.jpeg 2048w" sizes="(max-width: 1024px) 100vw, 1024px" /></figure>
</div>
</div>
</div>



<div class="wp-block-group has-global-padding is-layout-constrained wp-block-group-is-layout-constrained">
<div class="wp-block-columns alignfull are-vertically-aligned-center is-layout-flex wp-container-core-columns-is-layout-0c0b91ec wp-block-columns-is-layout-flex">
<div class="wp-block-column is-vertically-aligned-center wp-block-image alignright size-large has-custom-border is-style-simple-left leftRight is-layout-flow wp-block-column-is-layout-flow is-style-simple-left--3" style="flex-basis:60%">
<figure class="wp-block-image alignleft size-large"><img alt="" decoding="async" width="1024" height="669" src="https://www.vap-camping.fr/wp-content/uploads/2025/05/AdobeStock_76379544-1024x669.jpeg" alt="" class="wp-image-1262" srcset="https://www.vap-camping.fr/wp-content/uploads/2025/05/AdobeStock_76379544-1024x669.jpeg 1024w, https://www.vap-camping.fr/wp-content/uploads/2025/05/AdobeStock_76379544-600x392.jpeg 600w, https://www.vap-camping.fr/wp-content/uploads/2025/05/AdobeStock_76379544-768x502.jpeg 768w, https://www.vap-camping.fr/wp-content/uploads/2025/05/AdobeStock_76379544-1536x1003.jpeg 1536w, https://www.vap-camping.fr/wp-content/uploads/2025/05/AdobeStock_76379544-2048x1338.jpeg 2048w" sizes="(max-width: 1024px) 100vw, 1024px" /></figure>
</div>



<div class="wp-block-column is-vertically-aligned-center rightLeft is-layout-flow wp-container-core-column-is-layout-58dbe9e9 wp-block-column-is-layout-flow" style="padding-left:10rem;flex-basis:40%">
<div class="wp-block-group is-style-title-left is-layout-flow wp-block-group-is-layout-flow is-style-title-left--4">
<p class="has-secondary-color has-text-color has-link-color has-secondary-font-family has-xl-font-size wp-elements-23a96031afd03c88a4787970b7745239">Un paseo</p>



<p class="has-primary-color has-text-color has-link-color has-primary-font-family has-sm-font-size wp-elements-4917617683f17ba1bdb710e4c3950ea8" style="text-transform:uppercase"><strong>exigente pero espectacular</strong></p>
</div>



<h2 class="wp-block-heading text-title">Una ruta para senderistas experimentados desde el Col de Montségur o Montferrier</h2>



<p class="has-m-font-size" style="padding-left:2rem">La subida suele durar de 4 a 5 horas de ida y vuelta, con un buen desnivel (unos 1.000 m). Por el camino, el paisaje alterna bosques, pastos de montaña y crestas rocosas. Al llegar a la cima se disfruta de una vista de 360°, compartida con el cercano Pic de Soularac.  </p>
</div>
</div>
</div>



<div class="wp-block-group has-global-padding is-layout-constrained wp-block-group-is-layout-constrained">
<div class="wp-block-columns alignfull are-vertically-aligned-center is-layout-flex wp-container-core-columns-is-layout-0c0b91ec wp-block-columns-is-layout-flex">
<div class="wp-block-column is-vertically-aligned-center leftRight is-layout-flow wp-container-core-column-is-layout-58dbe9e9 wp-block-column-is-layout-flow" style="padding-left:10rem;flex-basis:40%">
<div class="wp-block-group is-style-title-left is-layout-flow wp-block-group-is-layout-flow is-style-title-left--5">
<p class="has-secondary-color has-text-color has-link-color has-secondary-font-family has-xl-font-size wp-elements-ca8952648836e11de7b79a354c7830a3">Panorama</p>



<p class="has-primary-color has-text-color has-link-color has-primary-font-family has-sm-font-size wp-elements-9c9f9939080ad30c663bea70683ded6a" style="text-transform:uppercase"><strong>y puro silencio</strong></p>
</div>



<h2 class="wp-block-heading text-title">Una cima que recompensa el esfuerzo con la cruda belleza de los Pirineos</h2>



<p class="has-m-font-size" style="padding-left:2rem">Desde la cresta, la vista se extiende sobre los valles de Ax-les-Thermes, las alturas de Donezan y los macizos andorranos. El lugar es tranquilo, lejos de las multitudes, e ideal para un verdadero descanso en altitud. </p>
</div>



<div class="wp-block-column is-vertically-aligned-center wp-block-image alignright size-large has-custom-border rightLeft is-style-simple-right is-layout-flow wp-block-column-is-layout-flow is-style-simple-right--6" style="flex-basis:60%">
<figure class="wp-block-image alignright size-large"><img alt="" decoding="async" width="1024" height="678" src="https://www.vap-camping.fr/wp-content/uploads/2025/05/AdobeStock_182442786-1024x678.jpeg" alt="" class="wp-image-1264" srcset="https://www.vap-camping.fr/wp-content/uploads/2025/05/AdobeStock_182442786-1024x678.jpeg 1024w, https://www.vap-camping.fr/wp-content/uploads/2025/05/AdobeStock_182442786-600x397.jpeg 600w, https://www.vap-camping.fr/wp-content/uploads/2025/05/AdobeStock_182442786-768x509.jpeg 768w, https://www.vap-camping.fr/wp-content/uploads/2025/05/AdobeStock_182442786-1536x1017.jpeg 1536w, https://www.vap-camping.fr/wp-content/uploads/2025/05/AdobeStock_182442786-2048x1356.jpeg 2048w" sizes="(max-width: 1024px) 100vw, 1024px" /></figure>
</div>
</div>
</div>



<div class="wp-block-group reveal has-global-padding is-layout-constrained wp-block-group-is-layout-constrained">
<div class="wp-block-group alignwide is-style-title-simple is-layout-flow wp-block-group-is-layout-flow is-style-title-simple--7" style="margin-top:4rem;margin-bottom:4rem">
<p class="has-text-align-center has-secondary-color has-text-color has-link-color has-secondary-font-family has-xl-font-size wp-elements-61c3df48646af0da12819b303dfc8ba5">
  Nuestros establecimientos</p>



<p class="has-text-align-center has-primary-font-family has-sm-font-size" style="text-transform:uppercase">
                <strong>cerca de</strong></p>
</div>


<div class="campings-wrapper is-layout-flow wp-block-slider-campings-is-layout-flow">
            <div class="campings-list">
                            <div class="camping-item"
                    style="background-image: linear-gradient(to top, rgba(0, 0, 0, 0.6), transparent), url('https://www.vap-camping.fr/wp-content/uploads/2025/04/img_5291-1024x768-1.jpg');">
                    <a href="https://www.vap-camping.fr/es/campings/oustalous-complex/" title="Complejo Les Oustalous" class="camping-link">
                        <p class="title">Complejo Les Oustalous</p>
                        <p class="camping-button">Descubre</p>
                    </a>
                </div>
                    </div>
    </div>

</div>
</div>

<p>El Pic de Saint-Barthélemy ofrece unas vistas excepcionales de los Pirineos y del valle del Ariège. Explora paisajes salvajes y continúa tu aventura hasta el Étang d&#8217;Appy, un lago situado en un entorno natural, ideal para los amantes de la naturaleza y las vistas impresionantes. </p>
