{"id":3190,"date":"2025-04-29T15:03:39","date_gmt":"2025-04-29T15:03:39","guid":{"rendered":"https:\/\/www.vap-camping.fr\/qui-sommes-nous\/partenaires\/"},"modified":"2025-07-28T07:27:13","modified_gmt":"2025-07-28T07:27:13","slug":"partenaires","status":"publish","type":"page","link":"https:\/\/www.vap-camping.fr\/es\/qui-sommes-nous\/partenaires\/","title":{"rendered":"Nuestros socios"},"content":{"rendered":"\n<div class=\"wp-block-group alignfull is-layout-flow wp-container-core-group-is-layout-8fc0eadb wp-block-group-is-layout-flow\">\n<div class=\"wp-block-group hero-camp fromOpacity is-layout-flow wp-block-group-is-layout-flow\" style=\"margin-bottom:20rem\">\n<div class=\"wp-block-group alignfull hero-img is-layout-flow wp-block-group-is-layout-flow\">\n<figure class=\"wp-block-image size-full\"><img alt=\"\" decoding=\"async\" width=\"2560\" height=\"1218\" src=\"https:\/\/www.vap-camping.fr\/wp-content\/uploads\/2025\/05\/AdobeStock_492836814-scaled.jpeg\" alt=\"\" class=\"wp-image-1059\" srcset=\"https:\/\/www.vap-camping.fr\/wp-content\/uploads\/2025\/05\/AdobeStock_492836814-scaled.jpeg 2560w, https:\/\/www.vap-camping.fr\/wp-content\/uploads\/2025\/05\/AdobeStock_492836814-600x285.jpeg 600w, https:\/\/www.vap-camping.fr\/wp-content\/uploads\/2025\/05\/AdobeStock_492836814-1024x487.jpeg 1024w, https:\/\/www.vap-camping.fr\/wp-content\/uploads\/2025\/05\/AdobeStock_492836814-768x365.jpeg 768w, https:\/\/www.vap-camping.fr\/wp-content\/uploads\/2025\/05\/AdobeStock_492836814-1536x731.jpeg 1536w, https:\/\/www.vap-camping.fr\/wp-content\/uploads\/2025\/05\/AdobeStock_492836814-2048x974.jpeg 2048w\" sizes=\"(max-width: 2560px) 100vw, 2560px\" \/><\/figure>\n<\/div>\n\n\n\n<div class=\"wp-block-group hero-desc has-secondary-background-color has-background is-layout-flow wp-block-group-is-layout-flow\" style=\"border-top-right-radius:90px;border-bottom-right-radius:90px;padding-top:2rem;padding-bottom:2rem;padding-left:5rem\"><h2 style=\"font-size:clamp(3.037rem, 3.037rem + ((1vw - 0.2rem) * 4.018), 6rem);\" class=\"has-link-color wp-elements-bc6986e5db86f3c05ddefc707cb325e0 wp-block-post-title has-text-color has-white-color has-secondary-font-family\">Nuestros socios<\/h2><\/div>\n<\/div>\n\n\n\n<div class=\"wp-block-group alignfull has-global-padding is-layout-constrained wp-block-group-is-layout-constrained\">\n<div class=\"wp-block-columns alignfull are-vertically-aligned-center m-ti is-layout-flex wp-container-core-columns-is-layout-0c0b91ec wp-block-columns-is-layout-flex\">\n<div class=\"wp-block-column is-vertically-aligned-center wp-block-image alignright size-large has-custom-border is-style-simple-left leftRight m-ti-image is-layout-flow wp-block-column-is-layout-flow is-style-simple-left--1\" style=\"flex-basis:60%\">\n<figure class=\"wp-block-image alignleft size-large\"><img alt=\"\" decoding=\"async\" width=\"1024\" height=\"683\" src=\"https:\/\/www.vap-camping.fr\/wp-content\/uploads\/2025\/05\/AdobeStock_906786868_Editorial_Use_Only-1024x683.jpeg\" alt=\"\" class=\"wp-image-1221\" srcset=\"https:\/\/www.vap-camping.fr\/wp-content\/uploads\/2025\/05\/AdobeStock_906786868_Editorial_Use_Only-1024x683.jpeg 1024w, https:\/\/www.vap-camping.fr\/wp-content\/uploads\/2025\/05\/AdobeStock_906786868_Editorial_Use_Only-600x400.jpeg 600w, https:\/\/www.vap-camping.fr\/wp-content\/uploads\/2025\/05\/AdobeStock_906786868_Editorial_Use_Only-768x512.jpeg 768w, https:\/\/www.vap-camping.fr\/wp-content\/uploads\/2025\/05\/AdobeStock_906786868_Editorial_Use_Only-1536x1024.jpeg 1536w, https:\/\/www.vap-camping.fr\/wp-content\/uploads\/2025\/05\/AdobeStock_906786868_Editorial_Use_Only-2048x1365.jpeg 2048w\" sizes=\"(max-width: 1024px) 100vw, 1024px\" \/><\/figure>\n<\/div>\n\n\n\n<div class=\"wp-block-column is-vertically-aligned-center rightLeft m-ti-text is-layout-flow wp-container-core-column-is-layout-58dbe9e9 wp-block-column-is-layout-flow\" style=\"padding-left:10rem;flex-basis:40%\">\n<div class=\"wp-block-group is-style-title-left is-layout-flow wp-block-group-is-layout-flow is-style-title-left--2\">\n<p class=\"has-secondary-color has-text-color has-link-color has-secondary-font-family has-xl-font-size wp-elements-38a5c739532f9b4fb3f7d789b0ae0330\">Forja<\/p>\n\n\n\n<p class=\"has-primary-color has-text-color has-link-color has-primary-font-family has-sm-font-size wp-elements-ce67dd8cdf3175a098d657eb050da60f\" style=\"text-transform:uppercase\"><strong>de Pyr\u00e8ne<\/strong><\/p>\n<\/div>\n\n\n\n<p class=\"has-m-font-size\" style=\"padding-left:2rem\">Viaja en el tiempo a las Forjas de Pyr\u00e8ne: un lugar lleno de vida donde los oficios tradicionales, las demostraciones de artesan\u00eda y los eventos familiares dan vida al saber hacer tradicional de Ari\u00e8ge.<\/p>\n\n\n\n<p class=\"has-m-font-size\" style=\"padding-left:2rem\"><strong>Direcci\u00f3n postal:<\/strong> Route de Paris, 09330 Montgailhard<\/p>\n\n\n\n<p class=\"has-m-font-size\" style=\"padding-left:2rem\"><strong>Tel\u00e9fono:<\/strong> 05 34 09 30 60<\/p>\n\n\n\n<div class=\"wp-block-buttons is-layout-flex wp-block-buttons-is-layout-flex\">\n<div class=\"wp-block-button\"><a class=\"wp-block-button__link wp-element-button\" href=\"https:\/\/www.forges-de-pyrene.com\/\" target=\"_blank\" rel=\"noreferrer noopener nofollow\">Ver el sitio web<\/a><\/div>\n<\/div>\n<\/div>\n<\/div>\n<\/div>\n\n\n\n<div class=\"wp-block-group alignfull has-global-padding is-layout-constrained wp-block-group-is-layout-constrained\">\n<div class=\"wp-block-columns alignfull are-vertically-aligned-center m-ti is-layout-flex wp-container-core-columns-is-layout-0c0b91ec wp-block-columns-is-layout-flex\">\n<div class=\"wp-block-column is-vertically-aligned-center leftRight m-ti-text is-layout-flow wp-container-core-column-is-layout-58dbe9e9 wp-block-column-is-layout-flow\" style=\"padding-left:10rem;flex-basis:40%\">\n<div class=\"wp-block-group is-style-title-left is-layout-flow wp-block-group-is-layout-flow is-style-title-left--3\">\n<p class=\"has-secondary-color has-text-color has-link-color has-secondary-font-family has-xl-font-size wp-elements-61a4f32dc85fe685f45c4c2fb84de349\">Sitio tur\u00edstico<\/p>\n\n\n\n<p class=\"has-primary-color has-text-color has-link-color has-primary-font-family has-sm-font-size wp-elements-60eea276b3b891e90fe4b2f348675bea\" style=\"text-transform:uppercase\"><strong>de l&#8217;Ari\u00e8ge<\/strong><\/p>\n<\/div>\n\n\n\n<p class=\"has-m-font-size\" style=\"padding-left:2rem\">Explora los lugares imprescindibles del Ari\u00e8ge con nuestros Sitios Tur\u00edsticos: cuevas, castillos, parques y museos para una inmersi\u00f3n cultural, natural e hist\u00f3rica en el coraz\u00f3n de los Pirineos.<\/p>\n\n\n\n<p class=\"has-m-font-size\" style=\"padding-left:2rem\"><strong>Direcci\u00f3n postal:<\/strong> route de surba \u00e0 Banat, 09400 Tarascon sur Ari\u00e8ge<\/p>\n\n\n\n<p class=\"has-m-font-size\" style=\"padding-left:2rem\"><strong>Tel\u00e9fono:<\/strong> 05 61 05 10 10<\/p>\n\n\n\n<div class=\"wp-block-buttons is-layout-flex wp-block-buttons-is-layout-flex\">\n<div class=\"wp-block-button\"><a class=\"wp-block-button__link wp-element-button\" href=\"https:\/\/www.sites-touristiques-ariege.fr\/\" target=\"_blank\" rel=\"noreferrer noopener nofollow\">Ver el sitio web<\/a><\/div>\n<\/div>\n<\/div>\n\n\n\n<div class=\"wp-block-column is-vertically-aligned-center wp-block-image alignright size-large has-custom-border is-style-travel rightLeft m-ti-image is-layout-flow wp-block-column-is-layout-flow is-style-travel--4\" style=\"flex-basis:60%\">\n<figure class=\"wp-block-image alignright size-large\"><img alt=\"\" decoding=\"async\" width=\"1024\" height=\"683\" src=\"https:\/\/www.vap-camping.fr\/wp-content\/uploads\/2025\/05\/AdobeStock_438796001-1024x683.jpeg\" alt=\"\" class=\"wp-image-1314\" srcset=\"https:\/\/www.vap-camping.fr\/wp-content\/uploads\/2025\/05\/AdobeStock_438796001-1024x683.jpeg 1024w, https:\/\/www.vap-camping.fr\/wp-content\/uploads\/2025\/05\/AdobeStock_438796001-600x400.jpeg 600w, https:\/\/www.vap-camping.fr\/wp-content\/uploads\/2025\/05\/AdobeStock_438796001-768x512.jpeg 768w, https:\/\/www.vap-camping.fr\/wp-content\/uploads\/2025\/05\/AdobeStock_438796001-1536x1024.jpeg 1536w, https:\/\/www.vap-camping.fr\/wp-content\/uploads\/2025\/05\/AdobeStock_438796001-2048x1365.jpeg 2048w\" sizes=\"(max-width: 1024px) 100vw, 1024px\" \/><\/figure>\n<\/div>\n<\/div>\n<\/div>\n\n\n\n<div class=\"wp-block-group alignfull has-global-padding is-layout-constrained wp-block-group-is-layout-constrained\">\n<div class=\"wp-block-columns alignfull are-vertically-aligned-center m-ti is-layout-flex wp-container-core-columns-is-layout-0c0b91ec wp-block-columns-is-layout-flex\">\n<div class=\"wp-block-column is-vertically-aligned-center wp-block-image alignright size-large has-custom-border is-style-simple-left leftRight m-ti-image is-layout-flow wp-block-column-is-layout-flow is-style-simple-left--5\" style=\"flex-basis:60%\">\n<figure class=\"wp-block-image alignleft size-large\"><img alt=\"\" decoding=\"async\" width=\"1024\" height=\"681\" src=\"https:\/\/www.vap-camping.fr\/wp-content\/uploads\/2025\/05\/AdobeStock_246028522-1024x681.jpeg\" alt=\"\" class=\"wp-image-1358\" srcset=\"https:\/\/www.vap-camping.fr\/wp-content\/uploads\/2025\/05\/AdobeStock_246028522-1024x681.jpeg 1024w, https:\/\/www.vap-camping.fr\/wp-content\/uploads\/2025\/05\/AdobeStock_246028522-600x399.jpeg 600w, https:\/\/www.vap-camping.fr\/wp-content\/uploads\/2025\/05\/AdobeStock_246028522-768x511.jpeg 768w, https:\/\/www.vap-camping.fr\/wp-content\/uploads\/2025\/05\/AdobeStock_246028522-1536x1021.jpeg 1536w, https:\/\/www.vap-camping.fr\/wp-content\/uploads\/2025\/05\/AdobeStock_246028522-2048x1362.jpeg 2048w\" sizes=\"(max-width: 1024px) 100vw, 1024px\" \/><\/figure>\n<\/div>\n\n\n\n<div class=\"wp-block-column is-vertically-aligned-center rightLeft m-ti-text is-layout-flow wp-container-core-column-is-layout-58dbe9e9 wp-block-column-is-layout-flow\" style=\"padding-left:10rem;flex-basis:40%\">\n<div class=\"wp-block-group is-style-title-left is-layout-flow wp-block-group-is-layout-flow is-style-title-left--6\">\n<p class=\"has-secondary-color has-text-color has-link-color has-secondary-font-family has-xl-font-size wp-elements-11ae8dbe183992ac0d4a167a7ce6fc94\">Naturokayarc<\/p>\n<\/div>\n\n\n\n<p class=\"has-m-font-size\" style=\"padding-left:2rem\">Descubre el Ari\u00e8ge de una forma diferente con Naturokayak: paseos en canoa, kayak o remo por r\u00edos tranquilos, supervisados por amantes de la naturaleza y entusiastas de las actividades al aire libre.<\/p>\n\n\n\n<p class=\"has-m-font-size\" style=\"padding-left:2rem\"><strong>Direcci\u00f3n postal:<\/strong> Broques Hameau, 09500 Lapenne<\/p>\n\n\n\n<p class=\"has-m-font-size\" style=\"padding-left:2rem\"><strong>Tel\u00e9fono:<\/strong> 06 28 70 96 42<\/p>\n\n\n\n<div class=\"wp-block-buttons is-layout-flex wp-block-buttons-is-layout-flex\">\n<div class=\"wp-block-button\"><a class=\"wp-block-button__link wp-element-button\" href=\"https:\/\/www.naturokayarc.fr\/\" target=\"_blank\" rel=\"noreferrer noopener nofollow\">Ver el sitio web<\/a><\/div>\n<\/div>\n<\/div>\n<\/div>\n<\/div>\n<\/div>\n","protected":false},"excerpt":{"rendered":"<p>Forja de Pyr\u00e8ne Viaja en el tiempo a las Forjas de Pyr\u00e8ne: un lugar lleno de vida donde los oficios tradicionales, las demostraciones de artesan\u00eda y los eventos familiares dan vida al saber hacer tradicional de Ari\u00e8ge. Direcci\u00f3n postal: Route de Paris, 09330 Montgailhard Tel\u00e9fono: 05 34 09 30 60 Sitio tur\u00edstico de l&#8217;Ari\u00e8ge Explora [&hellip;]<\/p>\n","protected":false},"author":1,"featured_media":3191,"parent":2858,"menu_order":72,"comment_status":"closed","ping_status":"closed","template":"","meta":{"_acf_changed":false,"_seopress_robots_primary_cat":"","_seopress_titles_title":"Socios | Campings Vacances Ari\u00e8ge Pyr\u00e9n\u00e9es","_seopress_titles_desc":"Les Campings VAP te presenta a sus socios en Ari\u00e8ge-Pirineos: lugares tur\u00edsticos, productores locales y proveedores de actividades.","_seopress_robots_index":"","ouverture":"","nombre_de_locations":"","nombre_demplacements":"","adresse":"","numero_de_telephone":"","email":"","url_du_site":"","footnotes":""},"class_list":["post-3190","page","type-page","status-publish","has-post-thumbnail","hentry"],"acf":[],"_links":{"self":[{"href":"https:\/\/www.vap-camping.fr\/es\/wp-json\/wp\/v2\/pages\/3190","targetHints":{"allow":["GET"]}}],"collection":[{"href":"https:\/\/www.vap-camping.fr\/es\/wp-json\/wp\/v2\/pages"}],"about":[{"href":"https:\/\/www.vap-camping.fr\/es\/wp-json\/wp\/v2\/types\/page"}],"author":[{"embeddable":true,"href":"https:\/\/www.vap-camping.fr\/es\/wp-json\/wp\/v2\/users\/1"}],"replies":[{"embeddable":true,"href":"https:\/\/www.vap-camping.fr\/es\/wp-json\/wp\/v2\/comments?post=3190"}],"version-history":[{"count":1,"href":"https:\/\/www.vap-camping.fr\/es\/wp-json\/wp\/v2\/pages\/3190\/revisions"}],"predecessor-version":[{"id":3192,"href":"https:\/\/www.vap-camping.fr\/es\/wp-json\/wp\/v2\/pages\/3190\/revisions\/3192"}],"up":[{"embeddable":true,"href":"https:\/\/www.vap-camping.fr\/es\/wp-json\/wp\/v2\/pages\/2858"}],"wp:featuredmedia":[{"embeddable":true,"href":"https:\/\/www.vap-camping.fr\/es\/wp-json\/wp\/v2\/media\/3191"}],"wp:attachment":[{"href":"https:\/\/www.vap-camping.fr\/es\/wp-json\/wp\/v2\/media?parent=3190"}],"curies":[{"name":"wp","href":"https:\/\/api.w.org\/{rel}","templated":true}]}}

<div class="wp-block-group alignfull is-layout-flow wp-container-core-group-is-layout-8fc0eadb wp-block-group-is-layout-flow">
<div class="wp-block-group hero-camp fromOpacity is-layout-flow wp-block-group-is-layout-flow" style="margin-bottom:20rem">
<div class="wp-block-group alignfull hero-img is-layout-flow wp-block-group-is-layout-flow">
<figure class="wp-block-image size-full"><img alt="" decoding="async" width="2560" height="1218" src="https://www.vap-camping.fr/wp-content/uploads/2025/05/AdobeStock_492836814-scaled.jpeg" alt="" class="wp-image-1059" srcset="https://www.vap-camping.fr/wp-content/uploads/2025/05/AdobeStock_492836814-scaled.jpeg 2560w, https://www.vap-camping.fr/wp-content/uploads/2025/05/AdobeStock_492836814-600x285.jpeg 600w, https://www.vap-camping.fr/wp-content/uploads/2025/05/AdobeStock_492836814-1024x487.jpeg 1024w, https://www.vap-camping.fr/wp-content/uploads/2025/05/AdobeStock_492836814-768x365.jpeg 768w, https://www.vap-camping.fr/wp-content/uploads/2025/05/AdobeStock_492836814-1536x731.jpeg 1536w, https://www.vap-camping.fr/wp-content/uploads/2025/05/AdobeStock_492836814-2048x974.jpeg 2048w" sizes="(max-width: 2560px) 100vw, 2560px" /></figure>
</div>



<div class="wp-block-group hero-desc has-secondary-background-color has-background is-layout-flow wp-block-group-is-layout-flow" style="border-top-right-radius:90px;border-bottom-right-radius:90px;padding-top:2rem;padding-bottom:2rem;padding-left:5rem"><h2 style="font-size:clamp(3.037rem, 3.037rem + ((1vw - 0.2rem) * 4.018), 6rem);" class="has-link-color wp-elements-bc6986e5db86f3c05ddefc707cb325e0 wp-block-post-title has-text-color has-white-color has-secondary-font-family">Nuestros socios</h2></div>
</div>



<div class="wp-block-group alignfull has-global-padding is-layout-constrained wp-block-group-is-layout-constrained">
<div class="wp-block-columns alignfull are-vertically-aligned-center m-ti is-layout-flex wp-container-core-columns-is-layout-0c0b91ec wp-block-columns-is-layout-flex">
<div class="wp-block-column is-vertically-aligned-center wp-block-image alignright size-large has-custom-border is-style-simple-left leftRight m-ti-image is-layout-flow wp-block-column-is-layout-flow is-style-simple-left--1" style="flex-basis:60%">
<figure class="wp-block-image alignleft size-large"><img alt="" decoding="async" width="1024" height="683" src="https://www.vap-camping.fr/wp-content/uploads/2025/05/AdobeStock_906786868_Editorial_Use_Only-1024x683.jpeg" alt="" class="wp-image-1221" srcset="https://www.vap-camping.fr/wp-content/uploads/2025/05/AdobeStock_906786868_Editorial_Use_Only-1024x683.jpeg 1024w, https://www.vap-camping.fr/wp-content/uploads/2025/05/AdobeStock_906786868_Editorial_Use_Only-600x400.jpeg 600w, https://www.vap-camping.fr/wp-content/uploads/2025/05/AdobeStock_906786868_Editorial_Use_Only-768x512.jpeg 768w, https://www.vap-camping.fr/wp-content/uploads/2025/05/AdobeStock_906786868_Editorial_Use_Only-1536x1024.jpeg 1536w, https://www.vap-camping.fr/wp-content/uploads/2025/05/AdobeStock_906786868_Editorial_Use_Only-2048x1365.jpeg 2048w" sizes="(max-width: 1024px) 100vw, 1024px" /></figure>
</div>



<div class="wp-block-column is-vertically-aligned-center rightLeft m-ti-text is-layout-flow wp-container-core-column-is-layout-58dbe9e9 wp-block-column-is-layout-flow" style="padding-left:10rem;flex-basis:40%">
<div class="wp-block-group is-style-title-left is-layout-flow wp-block-group-is-layout-flow is-style-title-left--2">
<p class="has-secondary-color has-text-color has-link-color has-secondary-font-family has-xl-font-size wp-elements-38a5c739532f9b4fb3f7d789b0ae0330">Forja</p>



<p class="has-primary-color has-text-color has-link-color has-primary-font-family has-sm-font-size wp-elements-ce67dd8cdf3175a098d657eb050da60f" style="text-transform:uppercase"><strong>de Pyrène</strong></p>
</div>



<p class="has-m-font-size" style="padding-left:2rem">Viaja en el tiempo a las Forjas de Pyrène: un lugar lleno de vida donde los oficios tradicionales, las demostraciones de artesanía y los eventos familiares dan vida al saber hacer tradicional de Ariège.</p>



<p class="has-m-font-size" style="padding-left:2rem"><strong>Dirección postal:</strong> Route de Paris, 09330 Montgailhard</p>



<p class="has-m-font-size" style="padding-left:2rem"><strong>Teléfono:</strong> 05 34 09 30 60</p>



<div class="wp-block-buttons is-layout-flex wp-block-buttons-is-layout-flex">
<div class="wp-block-button"><a class="wp-block-button__link wp-element-button" href="https://www.forges-de-pyrene.com/" target="_blank" rel="noreferrer noopener nofollow">Ver el sitio web</a></div>
</div>
</div>
</div>
</div>



<div class="wp-block-group alignfull has-global-padding is-layout-constrained wp-block-group-is-layout-constrained">
<div class="wp-block-columns alignfull are-vertically-aligned-center m-ti is-layout-flex wp-container-core-columns-is-layout-0c0b91ec wp-block-columns-is-layout-flex">
<div class="wp-block-column is-vertically-aligned-center leftRight m-ti-text is-layout-flow wp-container-core-column-is-layout-58dbe9e9 wp-block-column-is-layout-flow" style="padding-left:10rem;flex-basis:40%">
<div class="wp-block-group is-style-title-left is-layout-flow wp-block-group-is-layout-flow is-style-title-left--3">
<p class="has-secondary-color has-text-color has-link-color has-secondary-font-family has-xl-font-size wp-elements-61a4f32dc85fe685f45c4c2fb84de349">Sitio turístico</p>



<p class="has-primary-color has-text-color has-link-color has-primary-font-family has-sm-font-size wp-elements-60eea276b3b891e90fe4b2f348675bea" style="text-transform:uppercase"><strong>de l&#8217;Ariège</strong></p>
</div>



<p class="has-m-font-size" style="padding-left:2rem">Explora los lugares imprescindibles del Ariège con nuestros Sitios Turísticos: cuevas, castillos, parques y museos para una inmersión cultural, natural e histórica en el corazón de los Pirineos.</p>



<p class="has-m-font-size" style="padding-left:2rem"><strong>Dirección postal:</strong> route de surba à Banat, 09400 Tarascon sur Ariège</p>



<p class="has-m-font-size" style="padding-left:2rem"><strong>Teléfono:</strong> 05 61 05 10 10</p>



<div class="wp-block-buttons is-layout-flex wp-block-buttons-is-layout-flex">
<div class="wp-block-button"><a class="wp-block-button__link wp-element-button" href="https://www.sites-touristiques-ariege.fr/" target="_blank" rel="noreferrer noopener nofollow">Ver el sitio web</a></div>
</div>
</div>



<div class="wp-block-column is-vertically-aligned-center wp-block-image alignright size-large has-custom-border is-style-travel rightLeft m-ti-image is-layout-flow wp-block-column-is-layout-flow is-style-travel--4" style="flex-basis:60%">
<figure class="wp-block-image alignright size-large"><img alt="" decoding="async" width="1024" height="683" src="https://www.vap-camping.fr/wp-content/uploads/2025/05/AdobeStock_438796001-1024x683.jpeg" alt="" class="wp-image-1314" srcset="https://www.vap-camping.fr/wp-content/uploads/2025/05/AdobeStock_438796001-1024x683.jpeg 1024w, https://www.vap-camping.fr/wp-content/uploads/2025/05/AdobeStock_438796001-600x400.jpeg 600w, https://www.vap-camping.fr/wp-content/uploads/2025/05/AdobeStock_438796001-768x512.jpeg 768w, https://www.vap-camping.fr/wp-content/uploads/2025/05/AdobeStock_438796001-1536x1024.jpeg 1536w, https://www.vap-camping.fr/wp-content/uploads/2025/05/AdobeStock_438796001-2048x1365.jpeg 2048w" sizes="(max-width: 1024px) 100vw, 1024px" /></figure>
</div>
</div>
</div>



<div class="wp-block-group alignfull has-global-padding is-layout-constrained wp-block-group-is-layout-constrained">
<div class="wp-block-columns alignfull are-vertically-aligned-center m-ti is-layout-flex wp-container-core-columns-is-layout-0c0b91ec wp-block-columns-is-layout-flex">
<div class="wp-block-column is-vertically-aligned-center wp-block-image alignright size-large has-custom-border is-style-simple-left leftRight m-ti-image is-layout-flow wp-block-column-is-layout-flow is-style-simple-left--5" style="flex-basis:60%">
<figure class="wp-block-image alignleft size-large"><img alt="" decoding="async" width="1024" height="681" src="https://www.vap-camping.fr/wp-content/uploads/2025/05/AdobeStock_246028522-1024x681.jpeg" alt="" class="wp-image-1358" srcset="https://www.vap-camping.fr/wp-content/uploads/2025/05/AdobeStock_246028522-1024x681.jpeg 1024w, https://www.vap-camping.fr/wp-content/uploads/2025/05/AdobeStock_246028522-600x399.jpeg 600w, https://www.vap-camping.fr/wp-content/uploads/2025/05/AdobeStock_246028522-768x511.jpeg 768w, https://www.vap-camping.fr/wp-content/uploads/2025/05/AdobeStock_246028522-1536x1021.jpeg 1536w, https://www.vap-camping.fr/wp-content/uploads/2025/05/AdobeStock_246028522-2048x1362.jpeg 2048w" sizes="(max-width: 1024px) 100vw, 1024px" /></figure>
</div>



<div class="wp-block-column is-vertically-aligned-center rightLeft m-ti-text is-layout-flow wp-container-core-column-is-layout-58dbe9e9 wp-block-column-is-layout-flow" style="padding-left:10rem;flex-basis:40%">
<div class="wp-block-group is-style-title-left is-layout-flow wp-block-group-is-layout-flow is-style-title-left--6">
<p class="has-secondary-color has-text-color has-link-color has-secondary-font-family has-xl-font-size wp-elements-11ae8dbe183992ac0d4a167a7ce6fc94">Naturokayarc</p>
</div>



<p class="has-m-font-size" style="padding-left:2rem">Descubre el Ariège de una forma diferente con Naturokayak: paseos en canoa, kayak o remo por ríos tranquilos, supervisados por amantes de la naturaleza y entusiastas de las actividades al aire libre.</p>



<p class="has-m-font-size" style="padding-left:2rem"><strong>Dirección postal:</strong> Broques Hameau, 09500 Lapenne</p>



<p class="has-m-font-size" style="padding-left:2rem"><strong>Teléfono:</strong> 06 28 70 96 42</p>



<div class="wp-block-buttons is-layout-flex wp-block-buttons-is-layout-flex">
<div class="wp-block-button"><a class="wp-block-button__link wp-element-button" href="https://www.naturokayarc.fr/" target="_blank" rel="noreferrer noopener nofollow">Ver el sitio web</a></div>
</div>
</div>
</div>
</div>
</div>

<p>Forja de Pyrène Viaja en el tiempo a las Forjas de Pyrène: un lugar lleno de vida donde los oficios tradicionales, las demostraciones de artesanía y los eventos familiares dan vida al saber hacer tradicional de Ariège. Dirección postal: Route de Paris, 09330 Montgailhard Teléfono: 05 34 09 30 60 Sitio turístico de l&#8217;Ariège Explora [&hellip;]</p>

Socios | Campings Vacances Ariège Pyrénées

Les Campings VAP te presenta a sus socios en Ariège-Pirineos: lugares turísticos, productores locales y proveedores de actividades.
